Last updated on 2022-04-24 03:52:24 CEST.
Flavor | Version | Tinstall | Tcheck | Ttotal | Status | Flags |
---|---|---|---|---|---|---|
r-devel-linux-x86_64-debian-clang | 0.1.1 | 4.59 | 41.64 | 46.23 | NOTE | |
r-devel-linux-x86_64-debian-gcc | 0.1.1 | 4.55 | 31.30 | 35.85 | NOTE | |
r-devel-linux-x86_64-fedora-clang | 0.1.1 | 60.46 | OK | |||
r-devel-linux-x86_64-fedora-gcc | 0.1.1 | 46.25 | OK | |||
r-patched-linux-x86_64 | 0.1.1 | 4.01 | 40.13 | 44.14 | NOTE | |
r-release-linux-x86_64 | 0.1.1 | 4.59 | 39.70 | 44.29 | NOTE | |
r-release-macos-arm64 | 0.1.1 | NOTE | ||||
r-release-macos-x86_64 | 0.1.1 | NOTE | ||||
r-release-windows-x86_64 | 0.1.1 | 16.00 | 64.00 | 80.00 | NOTE | |
r-oldrel-macos-arm64 | 0.1.1 | NOTE | ||||
r-oldrel-macos-x86_64 | 0.1.1 | NOTE | ||||
r-oldrel-windows-ix86+x86_64 | 0.1.1 | 15.00 | 63.00 | 78.00 | OK |
Version: 0.1.1
Check: package dependencies
Result: NOTE
Package suggested but not available for checking: 'INLA'
Flavors: r-devel-linux-x86_64-debian-clang, r-devel-linux-x86_64-debian-gcc, r-patched-linux-x86_64, r-release-linux-x86_64, r-release-macos-arm64, r-release-macos-x86_64, r-release-windows-x86_64, r-oldrel-macos-arm64, r-oldrel-macos-x86_64