Last updated on 2022-04-24 03:52:24 CEST.
Flavor | Version | Tinstall | Tcheck | Ttotal | Status | Flags |
---|---|---|---|---|---|---|
r-devel-linux-x86_64-debian-clang | 0.9.9-11 | 16.84 | 136.25 | 153.09 | OK | |
r-devel-linux-x86_64-debian-gcc | 0.9.9-11 | 13.46 | 102.14 | 115.60 | OK | |
r-devel-linux-x86_64-fedora-clang | 0.9.9-11 | 190.47 | NOTE | |||
r-devel-linux-x86_64-fedora-gcc | 0.9.9-11 | 177.79 | OK | |||
r-patched-linux-x86_64 | 0.9.9-11 | 13.25 | 130.22 | 143.47 | OK | |
r-release-linux-x86_64 | 0.9.9-11 | 14.93 | 124.19 | 139.12 | OK | |
r-release-macos-arm64 | 0.9.9-11 | OK | ||||
r-release-macos-x86_64 | 0.9.9-11 | OK | ||||
r-release-windows-x86_64 | 0.9.9-11 | 30.00 | 165.00 | 195.00 | OK | |
r-oldrel-macos-arm64 | 0.9.9-11 | OK | ||||
r-oldrel-macos-x86_64 | 0.9.9-11 | OK | ||||
r-oldrel-windows-ix86+x86_64 | 0.9.9-11 | 29.00 | 143.00 | 172.00 | OK |
Version: 0.9.9-11
Check: installed package size
Result: NOTE
installed size is 5.0Mb
sub-directories of 1Mb or more:
data 4.3Mb
Flavor: r-devel-linux-x86_64-fedora-clang