Last updated on 2022-04-24 03:52:24 CEST.
Flavor | Version | Tinstall | Tcheck | Ttotal | Status | Flags |
---|---|---|---|---|---|---|
r-devel-linux-x86_64-debian-clang | 2.3 | 20.94 | 107.51 | 128.45 | NOTE | |
r-devel-linux-x86_64-debian-gcc | 2.3 | 16.74 | 80.68 | 97.42 | NOTE | |
r-devel-linux-x86_64-fedora-clang | 2.3 | 157.16 | NOTE | |||
r-devel-linux-x86_64-fedora-gcc | 2.3 | 140.23 | NOTE | |||
r-patched-linux-x86_64 | 2.3 | 15.83 | 100.32 | 116.15 | NOTE | |
r-release-linux-x86_64 | 2.3 | 14.48 | 101.02 | 115.50 | NOTE | |
r-release-macos-arm64 | 2.3 | NOTE | ||||
r-release-macos-x86_64 | 2.3 | NOTE | ||||
r-release-windows-x86_64 | 2.3 | 102.00 | 131.00 | 233.00 | NOTE | |
r-oldrel-macos-arm64 | 2.3 | NOTE | ||||
r-oldrel-macos-x86_64 | 2.3 | NOTE | ||||
r-oldrel-windows-ix86+x86_64 | 2.3 | 94.00 | 203.00 | 297.00 | NOTE |
Version: 2.3
Check: for GNU extensions in Makefiles
Result: NOTE
GNU make is a SystemRequirements.
Flavors: r-devel-linux-x86_64-debian-clang, r-devel-linux-x86_64-debian-gcc, r-devel-linux-x86_64-fedora-clang, r-devel-linux-x86_64-fedora-gcc, r-patched-linux-x86_64, r-release-linux-x86_64, r-release-macos-arm64, r-release-macos-x86_64, r-release-windows-x86_64, r-oldrel-macos-arm64, r-oldrel-macos-x86_64, r-oldrel-windows-ix86+x86_64
Version: 2.3
Check: compiled code
Result: NOTE
File ‘eaf/libs/eaf.so’:
Found ‘___stderrp’, possibly from ‘stderr’ (C)
Objects: ‘eaf/io.o’, ‘mo-tools/hv.o’
Found ‘___stdoutp’, possibly from ‘stdout’ (C)
Object: ‘eaf/io.o’
Compiled code should not call entry points which might terminate R nor
write to stdout/stderr instead of to the console, nor use Fortran I/O
nor system RNGs.
See ‘Writing portable packages’ in the ‘Writing R Extensions’ manual.
Flavors: r-release-macos-arm64, r-release-macos-x86_64, r-oldrel-macos-arm64, r-oldrel-macos-x86_64
Version: 2.3
Check: installed package size
Result: NOTE
installed size is 6.4Mb
sub-directories of 1Mb or more:
bin 3.5Mb
extdata 1.7Mb
Flavors: r-release-windows-x86_64, r-oldrel-windows-ix86+x86_64