Last updated on 2022-04-24 03:52:24 CEST.
Flavor | Version | Tinstall | Tcheck | Ttotal | Status | Flags |
---|---|---|---|---|---|---|
r-devel-linux-x86_64-debian-clang | 5.3.1 | 21.88 | 105.31 | 127.19 | OK | |
r-devel-linux-x86_64-debian-gcc | 5.3.1 | 15.42 | 77.94 | 93.36 | OK | |
r-devel-linux-x86_64-fedora-clang | 5.3.1 | 152.95 | NOTE | |||
r-devel-linux-x86_64-fedora-gcc | 5.3.1 | 138.74 | OK | |||
r-patched-linux-x86_64 | 5.3.1 | 22.77 | 101.26 | 124.03 | OK | |
r-release-linux-x86_64 | 5.3.1 | 19.57 | 97.73 | 117.30 | OK | |
r-release-macos-arm64 | 5.3.1 | OK | ||||
r-release-macos-x86_64 | 5.3.1 | OK | ||||
r-release-windows-x86_64 | 5.3.1 | 94.00 | 110.00 | 204.00 | OK | |
r-oldrel-macos-arm64 | 5.3.1 | OK | ||||
r-oldrel-macos-x86_64 | 5.3.1 | OK | ||||
r-oldrel-windows-ix86+x86_64 | 5.3.1 | 36.00 | 141.00 | 177.00 | OK |
Version: 5.3.1
Check: Rd cross-references
Result: NOTE
Undeclared package ‘leaps’ in Rd xrefs
Flavor: r-devel-linux-x86_64-fedora-clang