Last updated on 2022-04-24 03:52:24 CEST.
Flavor | Version | Tinstall | Tcheck | Ttotal | Status | Flags |
---|---|---|---|---|---|---|
r-devel-linux-x86_64-debian-clang | 0.0.12 | 48.86 | 108.78 | 157.64 | OK | |
r-devel-linux-x86_64-debian-gcc | 0.0.12 | 40.33 | 83.95 | 124.28 | OK | |
r-devel-linux-x86_64-fedora-clang | 0.0.12 | 222.11 | OK | |||
r-devel-linux-x86_64-fedora-gcc | 0.0.12 | 210.23 | OK | |||
r-patched-linux-x86_64 | 0.0.12 | 43.60 | 105.91 | 149.51 | OK | |
r-release-linux-x86_64 | 0.0.12 | 42.20 | 102.67 | 144.87 | OK | |
r-release-macos-arm64 | 0.0.12 | NOTE | ||||
r-release-macos-x86_64 | 0.0.12 | NOTE | ||||
r-release-windows-x86_64 | 0.0.12 | 54.00 | 135.00 | 189.00 | OK | |
r-oldrel-macos-arm64 | 0.0.12 | NOTE | ||||
r-oldrel-macos-x86_64 | 0.0.12 | NOTE | ||||
r-oldrel-windows-ix86+x86_64 | 0.0.12 | 113.00 | 162.00 | 275.00 | OK |
Version: 0.0.12
Check: installed package size
Result: NOTE
installed size is 6.6Mb
sub-directories of 1Mb or more:
R 2.1Mb
libs 4.1Mb
Flavors: r-release-macos-arm64, r-release-macos-x86_64, r-oldrel-macos-arm64, r-oldrel-macos-x86_64