Last updated on 2022-04-24 03:52:24 CEST.
Flavor | Version | Tinstall | Tcheck | Ttotal | Status | Flags |
---|---|---|---|---|---|---|
r-devel-linux-x86_64-debian-clang | 0.1.1 | 1.95 | 34.07 | 36.02 | NOTE | |
r-devel-linux-x86_64-debian-gcc | 0.1.1 | 1.75 | 25.91 | 27.66 | NOTE | |
r-devel-linux-x86_64-fedora-clang | 0.1.1 | 44.08 | NOTE | |||
r-devel-linux-x86_64-fedora-gcc | 0.1.1 | 32.18 | NOTE | |||
r-patched-linux-x86_64 | 0.1.1 | 7.24 | 31.47 | 38.71 | NOTE | |
r-release-linux-x86_64 | 0.1.1 | 2.16 | 30.67 | 32.83 | NOTE | |
r-release-macos-arm64 | 0.1.1 | NOTE | ||||
r-release-macos-x86_64 | 0.1.1 | NOTE | ||||
r-release-windows-x86_64 | 0.1.1 | 8.00 | 48.00 | 56.00 | NOTE | |
r-oldrel-macos-arm64 | 0.1.1 | NOTE | ||||
r-oldrel-macos-x86_64 | 0.1.1 | NOTE | ||||
r-oldrel-windows-ix86+x86_64 | 0.1.1 | 5.00 | 40.00 | 45.00 | NOTE |
Version: 0.1.1
Check: LazyData
Result: NOTE
'LazyData' is specified without a 'data' directory
Flavors: r-devel-linux-x86_64-debian-clang, r-devel-linux-x86_64-debian-gcc, r-devel-linux-x86_64-fedora-clang, r-devel-linux-x86_64-fedora-gcc, r-patched-linux-x86_64, r-release-linux-x86_64, r-release-macos-arm64, r-release-macos-x86_64, r-release-windows-x86_64, r-oldrel-macos-arm64, r-oldrel-macos-x86_64, r-oldrel-windows-ix86+x86_64