Last updated on 2022-04-24 03:52:24 CEST.
Flavor | Version | Tinstall | Tcheck | Ttotal | Status | Flags |
---|---|---|---|---|---|---|
r-devel-linux-x86_64-debian-clang | 1.0 | 44.75 | 401.20 | 445.95 | OK | |
r-devel-linux-x86_64-debian-gcc | 1.0 | 33.60 | 298.19 | 331.79 | OK | |
r-devel-linux-x86_64-fedora-clang | 1.0 | 575.48 | NOTE | |||
r-devel-linux-x86_64-fedora-gcc | 1.0 | 565.52 | NOTE | |||
r-patched-linux-x86_64 | 1.0 | 40.38 | 373.28 | 413.66 | OK | |
r-release-linux-x86_64 | 1.0 | 27.33 | 347.77 | 375.10 | OK | |
r-release-macos-arm64 | 1.0 | ERROR | ||||
r-release-macos-x86_64 | 1.0 | ERROR | ||||
r-release-windows-x86_64 | 1.0 | 235.00 | 445.00 | 680.00 | OK | |
r-oldrel-macos-arm64 | 1.0 | ERROR | ||||
r-oldrel-macos-x86_64 | 1.0 | ERROR | ||||
r-oldrel-windows-ix86+x86_64 | 1.0 | 89.00 | 385.00 | 474.00 | OK |
Version: 1.0
Check: dependencies in R code
Result: NOTE
Namespaces in Imports field not imported from:
‘R.utils’ ‘stringi’
All declared Imports should be used.
Flavors: r-devel-linux-x86_64-fedora-clang, r-devel-linux-x86_64-fedora-gcc
Version: 1.0
Check: package dependencies
Result: ERROR
Package required but not available: ‘diffcoexp’
See section ‘The DESCRIPTION file’ in the ‘Writing R Extensions’
manual.
Flavors: r-release-macos-arm64, r-release-macos-x86_64, r-oldrel-macos-arm64, r-oldrel-macos-x86_64