Last updated on 2022-04-24 03:52:24 CEST.
Flavor | Version | Tinstall | Tcheck | Ttotal | Status | Flags |
---|---|---|---|---|---|---|
r-devel-linux-x86_64-debian-clang | 0.4.4 | 29.98 | 58.40 | 88.38 | NOTE | |
r-devel-linux-x86_64-debian-gcc | 0.4.4 | 24.03 | 43.75 | 67.78 | NOTE | |
r-devel-linux-x86_64-fedora-clang | 0.4.4 | 118.53 | NOTE | |||
r-devel-linux-x86_64-fedora-gcc | 0.4.4 | 98.47 | NOTE | |||
r-patched-linux-x86_64 | 0.4.4 | 28.24 | 54.73 | 82.97 | NOTE | |
r-release-linux-x86_64 | 0.4.4 | 24.96 | 53.84 | 78.80 | NOTE | |
r-release-macos-arm64 | 0.4.4 | NOTE | ||||
r-release-macos-x86_64 | 0.4.4 | NOTE | ||||
r-release-windows-x86_64 | 0.4.4 | 89.00 | 98.00 | 187.00 | NOTE | |
r-oldrel-macos-arm64 | 0.4.4 | NOTE | ||||
r-oldrel-macos-x86_64 | 0.4.4 | NOTE | ||||
r-oldrel-windows-ix86+x86_64 | 0.4.4 | 68.00 | 121.00 | 189.00 | NOTE |
Version: 0.4.4
Check: LazyData
Result: NOTE
'LazyData' is specified without a 'data' directory
Flavors: r-devel-linux-x86_64-debian-clang, r-devel-linux-x86_64-debian-gcc, r-devel-linux-x86_64-fedora-clang, r-devel-linux-x86_64-fedora-gcc, r-patched-linux-x86_64, r-release-linux-x86_64, r-release-macos-arm64, r-release-macos-x86_64, r-release-windows-x86_64, r-oldrel-macos-arm64, r-oldrel-macos-x86_64, r-oldrel-windows-ix86+x86_64