Last updated on 2022-04-24 03:52:24 CEST.
Flavor | Version | Tinstall | Tcheck | Ttotal | Status | Flags |
---|---|---|---|---|---|---|
r-devel-linux-x86_64-debian-clang | 0.3.0 | 20.65 | 383.82 | 404.47 | ERROR | |
r-devel-linux-x86_64-debian-gcc | 0.3.0 | 15.66 | 273.37 | 289.03 | ERROR | |
r-devel-linux-x86_64-fedora-clang | 0.3.0 | 487.77 | ERROR | |||
r-devel-linux-x86_64-fedora-gcc | 0.3.0 | 493.30 | ERROR | |||
r-patched-linux-x86_64 | 0.3.0 | 12.53 | 353.12 | 365.65 | OK | |
r-release-linux-x86_64 | 0.3.0 | 11.04 | 332.49 | 343.53 | OK | |
r-release-macos-arm64 | 0.3.0 | NOTE | ||||
r-release-macos-x86_64 | 0.3.0 | NOTE | ||||
r-release-windows-x86_64 | 0.3.0 | 59.00 | 375.00 | 434.00 | OK | |
r-oldrel-macos-arm64 | 0.3.0 | NOTE | ||||
r-oldrel-macos-x86_64 | 0.3.0 | NOTE | ||||
r-oldrel-windows-ix86+x86_64 | 0.3.0 | 38.00 | 387.00 | 425.00 | OK |
Version: 0.3.0
Check: tests
Result: ERROR
Running 'testthat.R' [155s/186s]
Running the tests in 'tests/testthat.R' failed.
Complete output:
> library(testthat)
> library(easyalluvial)
>
> test_check("easyalluvial")
[ FAIL 1 | WARN 0 | SKIP 16 | PASS 47 ]
== Skipped tests ===============================================================
* On CRAN (15)
* xgboost test skipped for performance (1)
== Failed tests ================================================================
-- Failure (test_plot_imp.R:37:3): add_importance_plot -------------------------
`p <- alluvial_model_response_caret(train, df, degree = 4, pred_train = pred_train)` did not produce any warnings.
[ FAIL 1 | WARN 0 | SKIP 16 | PASS 47 ]
Error: Test failures
Execution halted
Flavor: r-devel-linux-x86_64-debian-clang
Version: 0.3.0
Check: tests
Result: ERROR
Running ‘testthat.R’ [111s/170s]
Running the tests in ‘tests/testthat.R’ failed.
Complete output:
> library(testthat)
> library(easyalluvial)
>
> test_check("easyalluvial")
[ FAIL 1 | WARN 0 | SKIP 16 | PASS 47 ]
══ Skipped tests ═══════════════════════════════════════════════════════════════
• On CRAN (15)
• xgboost test skipped for performance (1)
══ Failed tests ════════════════════════════════════════════════════════════════
── Failure (test_plot_imp.R:37:3): add_importance_plot ─────────────────────────
`p <- alluvial_model_response_caret(train, df, degree = 4, pred_train = pred_train)` did not produce any warnings.
[ FAIL 1 | WARN 0 | SKIP 16 | PASS 47 ]
Error: Test failures
Execution halted
Flavor: r-devel-linux-x86_64-debian-gcc
Version: 0.3.0
Check: dependencies in R code
Result: NOTE
Namespace in Imports field not imported from: ‘progress’
All declared Imports should be used.
Flavors: r-devel-linux-x86_64-fedora-clang, r-devel-linux-x86_64-fedora-gcc, r-release-macos-arm64, r-release-macos-x86_64, r-oldrel-macos-arm64, r-oldrel-macos-x86_64
Version: 0.3.0
Check: tests
Result: ERROR
Running ‘testthat.R’ [3m/10m]
Running the tests in ‘tests/testthat.R’ failed.
Complete output:
> library(testthat)
> library(easyalluvial)
>
> test_check("easyalluvial")
[ FAIL 1 | WARN 0 | SKIP 16 | PASS 47 ]
══ Skipped tests ═══════════════════════════════════════════════════════════════
• On CRAN (15)
• xgboost test skipped for performance (1)
══ Failed tests ════════════════════════════════════════════════════════════════
── Failure (test_plot_imp.R:37:3): add_importance_plot ─────────────────────────
`p <- alluvial_model_response_caret(train, df, degree = 4, pred_train = pred_train)` did not produce any warnings.
[ FAIL 1 | WARN 0 | SKIP 16 | PASS 47 ]
Error: Test failures
Execution halted
Flavor: r-devel-linux-x86_64-fedora-clang
Version: 0.3.0
Check: tests
Result: ERROR
Running ‘testthat.R’ [3m/14m]
Running the tests in ‘tests/testthat.R’ failed.
Complete output:
> library(testthat)
> library(easyalluvial)
>
> test_check("easyalluvial")
[ FAIL 1 | WARN 0 | SKIP 16 | PASS 47 ]
══ Skipped tests ═══════════════════════════════════════════════════════════════
• On CRAN (15)
• xgboost test skipped for performance (1)
══ Failed tests ════════════════════════════════════════════════════════════════
── Failure (test_plot_imp.R:37:3): add_importance_plot ─────────────────────────
`p <- alluvial_model_response_caret(train, df, degree = 4, pred_train = pred_train)` did not produce any warnings.
[ FAIL 1 | WARN 0 | SKIP 16 | PASS 47 ]
Error: Test failures
Execution halted
Flavor: r-devel-linux-x86_64-fedora-gcc