Last updated on 2022-04-24 03:52:24 CEST.
Flavor | Version | Tinstall | Tcheck | Ttotal | Status | Flags |
---|---|---|---|---|---|---|
r-devel-linux-x86_64-debian-clang | 1.0.8 | 2.59 | 48.32 | 50.91 | NOTE | |
r-devel-linux-x86_64-debian-gcc | 1.0.8 | 2.28 | 36.65 | 38.93 | NOTE | |
r-devel-linux-x86_64-fedora-clang | 1.0.8 | 62.64 | NOTE | |||
r-devel-linux-x86_64-fedora-gcc | 1.0.8 | 49.07 | NOTE | |||
r-patched-linux-x86_64 | 1.0.8 | 2.98 | 45.53 | 48.51 | NOTE | |
r-release-linux-x86_64 | 1.0.8 | 2.80 | 35.50 | 38.30 | NOTE | |
r-release-macos-arm64 | 1.0.8 | NOTE | ||||
r-release-macos-x86_64 | 1.0.8 | NOTE | ||||
r-release-windows-x86_64 | 1.0.8 | 13.00 | 75.00 | 88.00 | NOTE | |
r-oldrel-macos-arm64 | 1.0.8 | NOTE | ||||
r-oldrel-macos-x86_64 | 1.0.8 | NOTE | ||||
r-oldrel-windows-ix86+x86_64 | 1.0.8 | 6.00 | 40.00 | 46.00 | NOTE |
Version: 1.0.8
Check: LazyData
Result: NOTE
'LazyData' is specified without a 'data' directory
Flavors: r-devel-linux-x86_64-debian-clang, r-devel-linux-x86_64-debian-gcc, r-devel-linux-x86_64-fedora-clang, r-devel-linux-x86_64-fedora-gcc, r-patched-linux-x86_64, r-release-linux-x86_64, r-release-macos-arm64, r-release-macos-x86_64, r-release-windows-x86_64, r-oldrel-macos-arm64, r-oldrel-macos-x86_64, r-oldrel-windows-ix86+x86_64
Version: 1.0.8
Check: for non-standard things in the check directory
Result: NOTE
Found the following files/directories:
'example_table1.csv' 'example_table1.txt' 'example_table2.csv'
'example_table2.txt' 'example_table3.csv' 'example_table3.txt'
'table1.csv' 'table2.csv' 'table2.txt' 'table3.txt' 'table4.txt'
Flavors: r-devel-linux-x86_64-debian-clang, r-devel-linux-x86_64-debian-gcc, r-devel-linux-x86_64-fedora-clang, r-devel-linux-x86_64-fedora-gcc, r-patched-linux-x86_64, r-release-linux-x86_64