Last updated on 2022-04-24 03:52:24 CEST.
Flavor | Version | Tinstall | Tcheck | Ttotal | Status | Flags |
---|---|---|---|---|---|---|
r-devel-linux-x86_64-debian-clang | 0.2.4 | 12.89 | 114.63 | 127.52 | OK | |
r-devel-linux-x86_64-debian-gcc | 0.2.4 | 6.78 | 84.73 | 91.51 | OK | |
r-devel-linux-x86_64-fedora-clang | 0.2.4 | 150.82 | OK | |||
r-devel-linux-x86_64-fedora-gcc | 0.2.4 | 135.28 | OK | |||
r-patched-linux-x86_64 | 0.2.4 | 7.24 | 107.90 | 115.14 | OK | |
r-release-linux-x86_64 | 0.2.4 | 6.79 | 100.34 | 107.13 | OK | |
r-release-macos-arm64 | 0.2.4 | OK | ||||
r-release-macos-x86_64 | 0.2.4 | NOTE | ||||
r-release-windows-x86_64 | 0.2.4 | 28.00 | 146.00 | 174.00 | OK | |
r-oldrel-macos-arm64 | 0.2.4 | OK | ||||
r-oldrel-macos-x86_64 | 0.2.4 | NOTE | ||||
r-oldrel-windows-ix86+x86_64 | 0.2.4 | 24.00 | 132.00 | 156.00 | OK |
Version: 0.2.4
Check: package dependencies
Result: NOTE
Package suggested but not available for checking: ‘org.Hs.eg.db’
Flavors: r-release-macos-x86_64, r-oldrel-macos-x86_64