Last updated on 2022-04-24 03:52:24 CEST.
Flavor | Version | Tinstall | Tcheck | Ttotal | Status | Flags |
---|---|---|---|---|---|---|
r-devel-linux-x86_64-debian-clang | 0.1.0 | 7.37 | 63.82 | 71.19 | NOTE | |
r-devel-linux-x86_64-debian-gcc | 0.1.0 | 4.67 | 48.00 | 52.67 | NOTE | |
r-devel-linux-x86_64-fedora-clang | 0.1.0 | 87.65 | NOTE | |||
r-devel-linux-x86_64-fedora-gcc | 0.1.0 | 76.23 | NOTE | |||
r-patched-linux-x86_64 | 0.1.0 | 4.11 | 62.69 | 66.80 | NOTE | |
r-release-linux-x86_64 | 0.1.0 | 3.98 | 60.21 | 64.19 | NOTE | |
r-release-macos-arm64 | 0.1.0 | NOTE | ||||
r-release-macos-x86_64 | 0.1.0 | NOTE | ||||
r-release-windows-x86_64 | 0.1.0 | 27.00 | 86.00 | 113.00 | NOTE | |
r-oldrel-macos-arm64 | 0.1.0 | NOTE | ||||
r-oldrel-macos-x86_64 | 0.1.0 | NOTE | ||||
r-oldrel-windows-ix86+x86_64 | 0.1.0 | 15.00 | 84.00 | 99.00 | NOTE |
Version: 0.1.0
Check: LazyData
Result: NOTE
'LazyData' is specified without a 'data' directory
Flavors: r-devel-linux-x86_64-debian-clang, r-devel-linux-x86_64-debian-gcc, r-devel-linux-x86_64-fedora-clang, r-devel-linux-x86_64-fedora-gcc, r-patched-linux-x86_64, r-release-linux-x86_64, r-release-macos-arm64, r-release-macos-x86_64, r-release-windows-x86_64, r-oldrel-macos-arm64, r-oldrel-macos-x86_64, r-oldrel-windows-ix86+x86_64