Last updated on 2022-04-24 03:52:24 CEST.
Flavor | Version | Tinstall | Tcheck | Ttotal | Status | Flags |
---|---|---|---|---|---|---|
r-devel-linux-x86_64-debian-clang | 0.5-8 | 5.52 | 75.96 | 81.48 | OK | |
r-devel-linux-x86_64-debian-gcc | 0.5-8 | 3.77 | 56.52 | 60.29 | OK | |
r-devel-linux-x86_64-fedora-clang | 0.5-8 | 102.45 | NOTE | |||
r-devel-linux-x86_64-fedora-gcc | 0.5-8 | 103.11 | NOTE | |||
r-patched-linux-x86_64 | 0.5-8 | 4.61 | 71.13 | 75.74 | OK | |
r-release-linux-x86_64 | 0.5-8 | 3.92 | 68.67 | 72.59 | OK | |
r-release-macos-arm64 | 0.5-8 | NOTE | ||||
r-release-macos-x86_64 | 0.5-8 | NOTE | ||||
r-release-windows-x86_64 | 0.5-8 | 38.00 | 113.00 | 151.00 | OK | |
r-oldrel-macos-arm64 | 0.5-8 | NOTE | ||||
r-oldrel-macos-x86_64 | 0.5-8 | NOTE | ||||
r-oldrel-windows-ix86+x86_64 | 0.5-8 | 12.00 | 98.00 | 110.00 | OK |
Version: 0.5-8
Check: dependencies in R code
Result: NOTE
Namespace in Imports field not imported from: ‘rprojroot’
All declared Imports should be used.
Flavors: r-devel-linux-x86_64-fedora-clang, r-devel-linux-x86_64-fedora-gcc, r-release-macos-arm64, r-release-macos-x86_64, r-oldrel-macos-arm64, r-oldrel-macos-x86_64