Last updated on 2022-04-24 03:52:24 CEST.
Flavor | Version | Tinstall | Tcheck | Ttotal | Status | Flags |
---|---|---|---|---|---|---|
r-devel-linux-x86_64-debian-clang | 1.0.0 | 4.44 | 66.13 | 70.57 | NOTE | |
r-devel-linux-x86_64-debian-gcc | 1.0.0 | 3.33 | 49.12 | 52.45 | NOTE | |
r-devel-linux-x86_64-fedora-clang | 1.0.0 | 84.41 | NOTE | |||
r-devel-linux-x86_64-fedora-gcc | 1.0.0 | 81.00 | NOTE | |||
r-patched-linux-x86_64 | 1.0.0 | 4.14 | 62.63 | 66.77 | NOTE | |
r-release-linux-x86_64 | 1.0.0 | 3.99 | 62.98 | 66.97 | NOTE | |
r-release-macos-arm64 | 1.0.0 | NOTE | ||||
r-release-macos-x86_64 | 1.0.0 | NOTE | ||||
r-release-windows-x86_64 | 1.0.0 | 35.00 | 101.00 | 136.00 | NOTE | |
r-oldrel-macos-arm64 | 1.0.0 | NOTE | ||||
r-oldrel-macos-x86_64 | 1.0.0 | NOTE | ||||
r-oldrel-windows-ix86+x86_64 | 1.0.0 | 7.00 | 79.00 | 86.00 | NOTE |
Version: 1.0.0
Check: package dependencies
Result: NOTE
Package which this enhances but not available for checking: 'gurobi'
Flavors: r-devel-linux-x86_64-debian-clang, r-devel-linux-x86_64-debian-gcc, r-devel-linux-x86_64-fedora-clang, r-devel-linux-x86_64-fedora-gcc, r-patched-linux-x86_64, r-release-linux-x86_64, r-release-macos-x86_64, r-release-windows-x86_64, r-oldrel-macos-x86_64, r-oldrel-windows-ix86+x86_64
Version: 1.0.0
Check: dependencies in R code
Result: NOTE
Namespace in Imports field not imported from: ‘mathjaxr’
All declared Imports should be used.
Flavors: r-devel-linux-x86_64-fedora-clang, r-devel-linux-x86_64-fedora-gcc, r-release-macos-arm64, r-release-macos-x86_64, r-oldrel-macos-arm64, r-oldrel-macos-x86_64
Version: 1.0.0
Check: package dependencies
Result: NOTE
Package suggested but not available for checking: ‘Rsymphony’
Package which this enhances but not available for checking: ‘gurobi’
Flavors: r-release-macos-arm64, r-oldrel-macos-arm64