Last updated on 2022-04-24 03:52:24 CEST.
Flavor | Version | Tinstall | Tcheck | Ttotal | Status | Flags |
---|---|---|---|---|---|---|
r-devel-linux-x86_64-debian-clang | 0.5.0 | 2.85 | 39.14 | 41.99 | OK | |
r-devel-linux-x86_64-debian-gcc | 0.5.0 | 1.92 | 29.35 | 31.27 | OK | |
r-devel-linux-x86_64-fedora-clang | 0.5.0 | 49.86 | NOTE | |||
r-devel-linux-x86_64-fedora-gcc | 0.5.0 | 38.03 | NOTE | |||
r-patched-linux-x86_64 | 0.5.0 | 2.70 | 36.01 | 38.71 | OK | |
r-release-linux-x86_64 | 0.5.0 | 2.47 | 35.85 | 38.32 | OK | |
r-release-macos-arm64 | 0.5.0 | NOTE | ||||
r-release-macos-x86_64 | 0.5.0 | NOTE | ||||
r-release-windows-x86_64 | 0.5.0 | 15.00 | 56.00 | 71.00 | OK | |
r-oldrel-macos-arm64 | 0.5.0 | NOTE | ||||
r-oldrel-macos-x86_64 | 0.5.0 | NOTE | ||||
r-oldrel-windows-ix86+x86_64 | 0.5.0 | 6.00 | 43.00 | 49.00 | OK |
Version: 0.5.0
Check: dependencies in R code
Result: NOTE
Namespace in Imports field not imported from: ‘RSQLite’
All declared Imports should be used.
Flavors: r-devel-linux-x86_64-fedora-clang, r-devel-linux-x86_64-fedora-gcc, r-release-macos-arm64, r-release-macos-x86_64, r-oldrel-macos-arm64, r-oldrel-macos-x86_64