Last updated on 2022-04-24 03:52:24 CEST.
Flavor | Version | Tinstall | Tcheck | Ttotal | Status | Flags |
---|---|---|---|---|---|---|
r-devel-linux-x86_64-debian-clang | 0.14.0 | 21.46 | 322.64 | 344.10 | OK | |
r-devel-linux-x86_64-debian-gcc | 0.14.0 | 16.04 | 234.39 | 250.43 | OK | |
r-devel-linux-x86_64-fedora-clang | 0.14.0 | 404.33 | NOTE | |||
r-devel-linux-x86_64-fedora-gcc | 0.14.0 | 381.14 | NOTE | |||
r-patched-linux-x86_64 | 0.14.0 | 18.32 | 299.20 | 317.52 | OK | |
r-release-linux-x86_64 | 0.14.0 | 18.66 | 285.84 | 304.50 | OK | |
r-release-macos-arm64 | 0.14.0 | NOTE | ||||
r-release-macos-x86_64 | 0.14.0 | NOTE | ||||
r-release-windows-x86_64 | 0.14.0 | 37.00 | 321.00 | 358.00 | OK | |
r-oldrel-macos-arm64 | 0.14.0 | NOTE | ||||
r-oldrel-macos-x86_64 | 0.14.0 | NOTE | ||||
r-oldrel-windows-ix86+x86_64 | 0.14.0 | 38.00 | 334.00 | 372.00 | OK |
Version: 0.14.0
Check: dependencies in R code
Result: NOTE
Namespace in Imports field not imported from: ‘estimatr’
All declared Imports should be used.
Flavors: r-devel-linux-x86_64-fedora-clang, r-devel-linux-x86_64-fedora-gcc, r-release-macos-arm64, r-release-macos-x86_64, r-oldrel-macos-arm64, r-oldrel-macos-x86_64