Last updated on 2022-04-24 03:52:24 CEST.
Flavor | Version | Tinstall | Tcheck | Ttotal | Status | Flags |
---|---|---|---|---|---|---|
r-devel-linux-x86_64-debian-clang | 1.0 | 2.02 | 28.90 | 30.92 | NOTE | |
r-devel-linux-x86_64-debian-gcc | 1.0 | 1.45 | 22.82 | 24.27 | NOTE | |
r-devel-linux-x86_64-fedora-clang | 1.0 | 38.44 | NOTE | |||
r-devel-linux-x86_64-fedora-gcc | 1.0 | 27.01 | NOTE | |||
r-patched-linux-x86_64 | 1.0 | 1.80 | 28.65 | 30.45 | NOTE | |
r-release-linux-x86_64 | 1.0 | 1.73 | 27.79 | 29.52 | NOTE | |
r-release-macos-arm64 | 1.0 | NOTE | ||||
r-release-macos-x86_64 | 1.0 | NOTE | ||||
r-release-windows-x86_64 | 1.0 | 8.00 | 51.00 | 59.00 | NOTE | |
r-oldrel-macos-arm64 | 1.0 | NOTE | ||||
r-oldrel-macos-x86_64 | 1.0 | NOTE | ||||
r-oldrel-windows-ix86+x86_64 | 1.0 | 4.00 | 25.00 | 29.00 | NOTE |
Version: 1.0
Check: R code for possible problems
Result: NOTE
ebSNP: no visible global function definition for 'optim'
Undefined global functions or variables:
optim
Consider adding
importFrom("stats", "optim")
to your NAMESPACE file.
Flavors: r-devel-linux-x86_64-debian-clang, r-devel-linux-x86_64-debian-gcc, r-devel-linux-x86_64-fedora-clang, r-devel-linux-x86_64-fedora-gcc, r-patched-linux-x86_64, r-release-linux-x86_64, r-release-macos-arm64, r-release-macos-x86_64, r-release-windows-x86_64, r-oldrel-macos-arm64, r-oldrel-macos-x86_64, r-oldrel-windows-ix86+x86_64