Last updated on 2022-04-24 03:52:24 CEST.
Flavor | Version | Tinstall | Tcheck | Ttotal | Status | Flags |
---|---|---|---|---|---|---|
r-devel-linux-x86_64-debian-clang | 1.1-14 | 13.64 | 142.01 | 155.65 | NOTE | |
r-devel-linux-x86_64-debian-gcc | 1.1-14 | 10.29 | 104.66 | 114.95 | NOTE | |
r-devel-linux-x86_64-fedora-clang | 1.1-14 | 185.01 | NOTE | |||
r-devel-linux-x86_64-fedora-gcc | 1.1-14 | 182.68 | NOTE | |||
r-patched-linux-x86_64 | 1.1-14 | 11.21 | 134.28 | 145.49 | OK | |
r-release-linux-x86_64 | 1.1-14 | 8.01 | 128.77 | 136.78 | OK | |
r-release-macos-arm64 | 1.1-14 | OK | ||||
r-release-macos-x86_64 | 1.1-14 | OK | ||||
r-release-windows-x86_64 | 1.1-14 | 26.00 | 169.00 | 195.00 | OK | |
r-oldrel-macos-arm64 | 1.1-14 | OK | ||||
r-oldrel-macos-x86_64 | 1.1-14 | OK | ||||
r-oldrel-windows-ix86+x86_64 | 1.1-14 | 28.00 | 212.00 | 240.00 | OK |
Version: 1.1-14
Check: Rd files
Result: NOTE
checkRd: (7) file 'K012.Rd': \item in \value must have non-empty label
checkRd: (7) file 'K1K2.rd': \item in \value must have non-empty label
Flavors: r-devel-linux-x86_64-debian-clang, r-devel-linux-x86_64-debian-gcc, r-devel-linux-x86_64-fedora-clang, r-devel-linux-x86_64-fedora-gcc