Last updated on 2022-04-24 03:52:24 CEST.
Flavor | Version | Tinstall | Tcheck | Ttotal | Status | Flags |
---|---|---|---|---|---|---|
r-devel-linux-x86_64-debian-clang | 0.1.2.0 | 48.12 | 411.17 | 459.29 | OK | |
r-devel-linux-x86_64-debian-gcc | 0.1.2.0 | 35.50 | 300.02 | 335.52 | OK | |
r-devel-linux-x86_64-fedora-clang | 0.1.2.0 | 441.52 | NOTE | |||
r-devel-linux-x86_64-fedora-gcc | 0.1.2.0 | 555.16 | NOTE | |||
r-patched-linux-x86_64 | 0.1.2.0 | 42.62 | 387.99 | 430.61 | OK | |
r-release-linux-x86_64 | 0.1.2.0 | 28.50 | 364.58 | 393.08 | OK | |
r-release-macos-arm64 | 0.1.2.0 | NOTE | ||||
r-release-macos-x86_64 | 0.1.2.0 | NOTE | ||||
r-release-windows-x86_64 | 0.1.2.0 | 63.00 | 389.00 | 452.00 | OK | |
r-oldrel-macos-arm64 | 0.1.2.0 | NOTE | ||||
r-oldrel-macos-x86_64 | 0.1.2.0 | NOTE | ||||
r-oldrel-windows-ix86+x86_64 | 0.1.2.0 | 91.00 | 384.00 | 475.00 | OK |
Version: 0.1.2.0
Check: data for non-ASCII characters
Result: NOTE
Note: found 1409 marked UTF-8 strings
Flavors: r-devel-linux-x86_64-fedora-clang, r-devel-linux-x86_64-fedora-gcc, r-release-macos-arm64, r-release-macos-x86_64, r-oldrel-macos-arm64, r-oldrel-macos-x86_64