Last updated on 2022-04-24 03:52:24 CEST.
Flavor | Version | Tinstall | Tcheck | Ttotal | Status | Flags |
---|---|---|---|---|---|---|
r-devel-linux-x86_64-debian-clang | 0.1.0 | 7.05 | 201.84 | 208.89 | OK | |
r-devel-linux-x86_64-debian-gcc | 0.1.0 | 5.30 | 130.35 | 135.65 | OK | |
r-devel-linux-x86_64-fedora-clang | 0.1.0 | 261.56 | NOTE | |||
r-devel-linux-x86_64-fedora-gcc | 0.1.0 | 252.56 | NOTE | |||
r-patched-linux-x86_64 | 0.1.0 | 5.80 | 197.58 | 203.38 | OK | |
r-release-linux-x86_64 | 0.1.0 | 4.72 | 191.75 | 196.47 | OK | |
r-release-macos-arm64 | 0.1.0 | NOTE | ||||
r-release-macos-x86_64 | 0.1.0 | NOTE | ||||
r-release-windows-x86_64 | 0.1.0 | 16.00 | 260.00 | 276.00 | OK | |
r-oldrel-macos-arm64 | 0.1.0 | NOTE | ||||
r-oldrel-macos-x86_64 | 0.1.0 | NOTE | ||||
r-oldrel-windows-ix86+x86_64 | 0.1.0 | 14.00 | 250.00 | 264.00 | OK |
Version: 0.1.0
Check: dependencies in R code
Result: NOTE
Namespace in Imports field not imported from: ‘pander’
All declared Imports should be used.
Flavors: r-devel-linux-x86_64-fedora-clang, r-devel-linux-x86_64-fedora-gcc, r-release-macos-arm64, r-release-macos-x86_64, r-oldrel-macos-arm64, r-oldrel-macos-x86_64