Last updated on 2022-04-24 03:52:24 CEST.
Flavor | Version | Tinstall | Tcheck | Ttotal | Status | Flags |
---|---|---|---|---|---|---|
r-devel-linux-x86_64-debian-clang | 6.3.0 | 3.41 | 38.47 | 41.88 | OK | |
r-devel-linux-x86_64-debian-gcc | 6.3.0 | 2.52 | 29.99 | 32.51 | OK | |
r-devel-linux-x86_64-fedora-clang | 6.3.0 | 50.71 | NOTE | |||
r-devel-linux-x86_64-fedora-gcc | 6.3.0 | 39.42 | NOTE | |||
r-patched-linux-x86_64 | 6.3.0 | 2.89 | 38.11 | 41.00 | OK | |
r-release-linux-x86_64 | 6.3.0 | 3.21 | 36.55 | 39.76 | OK | |
r-release-macos-arm64 | 6.3.0 | NOTE | ||||
r-release-macos-x86_64 | 6.3.0 | NOTE | ||||
r-release-windows-x86_64 | 6.3.0 | 11.00 | 56.00 | 67.00 | OK | |
r-oldrel-macos-arm64 | 6.3.0 | NOTE | ||||
r-oldrel-macos-x86_64 | 6.3.0 | NOTE | ||||
r-oldrel-windows-ix86+x86_64 | 6.3.0 | 8.00 | 44.00 | 52.00 | OK |
Version: 6.3.0
Check: dependencies in R code
Result: NOTE
Namespaces in Imports field not imported from:
‘lmtest’ ‘sandwich’ ‘urca’
All declared Imports should be used.
Flavors: r-devel-linux-x86_64-fedora-clang, r-devel-linux-x86_64-fedora-gcc, r-release-macos-arm64, r-release-macos-x86_64, r-oldrel-macos-arm64, r-oldrel-macos-x86_64