Last updated on 2022-04-24 03:52:24 CEST.
Flavor | Version | Tinstall | Tcheck | Ttotal | Status | Flags |
---|---|---|---|---|---|---|
r-devel-linux-x86_64-debian-clang | 1.2.6 | 3.02 | 67.12 | 70.14 | NOTE | |
r-devel-linux-x86_64-debian-gcc | 1.2.6 | 3.14 | 49.34 | 52.48 | NOTE | |
r-devel-linux-x86_64-fedora-clang | 1.2.6 | 89.76 | NOTE | |||
r-devel-linux-x86_64-fedora-gcc | 1.2.6 | 74.60 | NOTE | |||
r-patched-linux-x86_64 | 1.2.6 | 3.59 | 63.47 | 67.06 | NOTE | |
r-release-linux-x86_64 | 1.2.6 | 3.00 | 63.00 | 66.00 | NOTE | |
r-release-macos-arm64 | 1.2.6 | NOTE | ||||
r-release-macos-x86_64 | 1.2.6 | NOTE | ||||
r-release-windows-x86_64 | 1.2.6 | 17.00 | 102.00 | 119.00 | NOTE | |
r-oldrel-macos-arm64 | 1.2.6 | NOTE | ||||
r-oldrel-macos-x86_64 | 1.2.6 | NOTE | ||||
r-oldrel-windows-ix86+x86_64 | 1.2.6 | 10.00 | 86.00 | 96.00 | NOTE |
Version: 1.2.6
Check: R code for possible problems
Result: NOTE
dilution: no visible global function definition for 'grey'
dilution: no visible global function definition for 'lines'
dilution: no visible global function definition for 'rect'
dilution: no visible global function definition for 'segments'
dilution: no visible global function definition for 'text'
dilution: no visible global function definition for 'arrows'
pricefit: no visible global function definition for 'runif'
Undefined global functions or variables:
arrows grey lines rect runif segments text
Consider adding
importFrom("grDevices", "grey")
importFrom("graphics", "arrows", "lines", "rect", "segments", "text")
importFrom("stats", "runif")
to your NAMESPACE file.
Flavors: r-devel-linux-x86_64-debian-clang, r-devel-linux-x86_64-debian-gcc, r-devel-linux-x86_64-fedora-clang, r-devel-linux-x86_64-fedora-gcc, r-patched-linux-x86_64, r-release-linux-x86_64, r-release-macos-arm64, r-release-macos-x86_64, r-release-windows-x86_64, r-oldrel-macos-arm64, r-oldrel-macos-x86_64, r-oldrel-windows-ix86+x86_64
Version: 1.2.6
Check: compiled code
Result: NOTE
File ‘ecolMod/libs/ecolMod.so’:
Found no calls to: ‘R_registerRoutines’, ‘R_useDynamicSymbols’
It is good practice to register native routines and to disable symbol
search.
See ‘Writing portable packages’ in the ‘Writing R Extensions’ manual.
Flavors: r-devel-linux-x86_64-fedora-clang, r-devel-linux-x86_64-fedora-gcc