Last updated on 2022-04-24 03:52:24 CEST.
Flavor | Version | Tinstall | Tcheck | Ttotal | Status | Flags |
---|---|---|---|---|---|---|
r-devel-linux-x86_64-debian-clang | 3.2.1 | 56.12 | 592.64 | 648.76 | WARN | |
r-devel-linux-x86_64-debian-gcc | 3.2.1 | 47.36 | 427.55 | 474.91 | WARN | |
r-devel-linux-x86_64-fedora-clang | 3.2.1 | 801.95 | WARN | |||
r-devel-linux-x86_64-fedora-gcc | 3.2.1 | 795.85 | WARN | |||
r-patched-linux-x86_64 | 3.2.1 | 62.36 | 562.78 | 625.14 | OK | |
r-release-linux-x86_64 | 3.2.1 | 53.20 | 521.78 | 574.98 | OK | |
r-release-macos-arm64 | 3.2.1 | NOTE | ||||
r-release-macos-x86_64 | 3.2.1 | WARN | --as-cran | |||
r-release-windows-x86_64 | 3.2.1 | 86.00 | 676.00 | 762.00 | OK | |
r-oldrel-macos-arm64 | 3.2.1 | NOTE | ||||
r-oldrel-macos-x86_64 | 3.2.1 | WARN | --as-cran | |||
r-oldrel-windows-ix86+x86_64 | 3.2.1 | 137.00 | 643.00 | 780.00 | OK |
Version: 3.2.1
Check: Rd files
Result: WARN
checkRd: (7) ecospat.nichePOSNB.Rd:28: invalid email address: lucie.malard@unil.ch, olivier.broennimann@unil.ch
checkRd: (7) ecospat.testNichePOSNB.Rd:15: invalid email address: lucie.malard@unil.ch, olivier.broennimann@unil.ch
Flavors: r-devel-linux-x86_64-debian-clang, r-devel-linux-x86_64-debian-gcc, r-devel-linux-x86_64-fedora-clang, r-devel-linux-x86_64-fedora-gcc
Version: 3.2.1
Check: package dependencies
Result: NOTE
Imports includes 23 non-default packages.
Importing from so many packages makes the package vulnerable to any of
them becoming unavailable. Move as many as possible to Suggests and
use conditionally.
Flavor: r-devel-linux-x86_64-fedora-clang
Version: 3.2.1
Check: dependencies in R code
Result: NOTE
Namespace in Imports field not imported from: ‘maps’
All declared Imports should be used.
Flavors: r-devel-linux-x86_64-fedora-clang, r-devel-linux-x86_64-fedora-gcc, r-release-macos-arm64, r-oldrel-macos-arm64
Version: 3.2.1
Flags: --as-cran
Check: CRAN incoming feasibility
Result: WARN
Maintainer: ‘Olivier Broennimann <olivier.broennimann@unil.ch>’
Insufficient package version (submitted: 3.2.1, existing: 3.2.1)
Days since last update: 1
Flavors: r-release-macos-x86_64, r-oldrel-macos-x86_64
Version: 3.2.1
Flags: --as-cran
Check: package dependencies
Result: NOTE
Imports includes 23 non-default packages.
Importing from so many packages makes the package vulnerable to any of
them becoming unavailable. Move as many as possible to Suggests and
use conditionally.
Flavors: r-release-macos-x86_64, r-oldrel-macos-x86_64
Version: 3.2.1
Flags: --as-cran
Check: sizes of PDF files under ‘inst/doc’
Result: NOTE
Unable to find GhostScript executable to run checks on size reduction
Flavors: r-release-macos-x86_64, r-oldrel-macos-x86_64
Version: 3.2.1
Flags: --as-cran
Check: for non-standard things in the check directory
Result: NOTE
Found the following files/directories:
‘1641648074’ ‘1641648074.ccv.evaluationMetrics.bin.RData’
‘1641648074.ccv.modeling.RData’ ‘1641648175’
‘1641648175.ccv.evaluationMetrics.prob.RData’
‘1641648175.ccv.modeling.RData’ ‘1641648195’
‘1641648195.ccv.modeling.RData’ ‘ESM.BIOMOD.output_species.occ’
‘Signific_const_Cscores.txt’
Flavors: r-release-macos-x86_64, r-oldrel-macos-x86_64