Last updated on 2022-04-24 03:52:24 CEST.
Flavor | Version | Tinstall | Tcheck | Ttotal | Status | Flags |
---|---|---|---|---|---|---|
r-devel-linux-x86_64-debian-clang | 1.0 | 2.65 | 41.13 | 43.78 | OK | |
r-devel-linux-x86_64-debian-gcc | 1.0 | 1.81 | 31.76 | 33.57 | OK | |
r-devel-linux-x86_64-fedora-clang | 1.0 | 54.81 | NOTE | |||
r-devel-linux-x86_64-fedora-gcc | 1.0 | 41.54 | NOTE | |||
r-patched-linux-x86_64 | 1.0 | 2.48 | 40.02 | 42.50 | OK | |
r-release-linux-x86_64 | 1.0 | 1.77 | 39.09 | 40.86 | OK | |
r-release-macos-arm64 | 1.0 | NOTE | ||||
r-release-macos-x86_64 | 1.0 | NOTE | ||||
r-release-windows-x86_64 | 1.0 | 17.00 | 56.00 | 73.00 | OK | |
r-oldrel-macos-arm64 | 1.0 | NOTE | ||||
r-oldrel-macos-x86_64 | 1.0 | NOTE | ||||
r-oldrel-windows-ix86+x86_64 | 1.0 | 5.00 | 48.00 | 53.00 | OK |
Version: 1.0
Check: dependencies in R code
Result: NOTE
Namespace in Imports field not imported from: ‘graphics’
All declared Imports should be used.
Flavors: r-devel-linux-x86_64-fedora-clang, r-devel-linux-x86_64-fedora-gcc, r-release-macos-arm64, r-release-macos-x86_64, r-oldrel-macos-arm64, r-oldrel-macos-x86_64