Last updated on 2022-04-24 03:52:24 CEST.
Flavor | Version | Tinstall | Tcheck | Ttotal | Status | Flags |
---|---|---|---|---|---|---|
r-devel-linux-x86_64-debian-clang | 0.0.1 | 18.57 | 60.22 | 78.79 | WARN | |
r-devel-linux-x86_64-debian-gcc | 0.0.1 | 16.80 | 46.26 | 63.06 | WARN | |
r-devel-linux-x86_64-fedora-clang | 0.0.1 | 111.56 | WARN | |||
r-devel-linux-x86_64-fedora-gcc | 0.0.1 | 102.76 | WARN | |||
r-patched-linux-x86_64 | 0.0.1 | 18.42 | 59.21 | 77.63 | OK | |
r-release-linux-x86_64 | 0.0.1 | 17.76 | 61.30 | 79.06 | OK | |
r-release-macos-arm64 | 0.0.1 | OK | ||||
r-release-macos-x86_64 | 0.0.1 | OK | ||||
r-release-windows-x86_64 | 0.0.1 | 30.00 | 119.00 | 149.00 | OK | |
r-oldrel-macos-arm64 | 0.0.1 | OK | ||||
r-oldrel-macos-x86_64 | 0.0.1 | OK | ||||
r-oldrel-windows-ix86+x86_64 | 0.0.1 | 48.00 | 95.00 | 143.00 | OK |
Version: 0.0.1
Check: whether package can be installed
Result: WARN
Found the following significant warnings:
trajectories.cpp:105:6: warning: use of bitwise '|' with boolean operands [-Wbitwise-instead-of-logical]
trajectories.cpp:131:6: warning: use of bitwise '|' with boolean operands [-Wbitwise-instead-of-logical]
Flavors: r-devel-linux-x86_64-debian-clang, r-devel-linux-x86_64-fedora-clang
Version: 0.0.1
Check: package dependencies
Result: WARN
Requires orphaned package: ‘circular’
Flavors: r-devel-linux-x86_64-debian-gcc, r-devel-linux-x86_64-fedora-gcc