Last updated on 2022-04-24 03:52:24 CEST.
Flavor | Version | Tinstall | Tcheck | Ttotal | Status | Flags |
---|---|---|---|---|---|---|
r-devel-linux-x86_64-debian-clang | 1.2.9 | 16.67 | 95.12 | 111.79 | OK | |
r-devel-linux-x86_64-debian-gcc | 1.2.9 | 13.48 | 69.44 | 82.92 | OK | |
r-devel-linux-x86_64-fedora-clang | 1.2.9 | 134.36 | NOTE | |||
r-devel-linux-x86_64-fedora-gcc | 1.2.9 | 119.27 | NOTE | |||
r-patched-linux-x86_64 | 1.2.9 | 17.32 | 90.21 | 107.53 | OK | |
r-release-linux-x86_64 | 1.2.9 | 13.50 | 88.76 | 102.26 | OK | |
r-release-macos-arm64 | 1.2.9 | NOTE | ||||
r-release-macos-x86_64 | 1.2.9 | NOTE | ||||
r-release-windows-x86_64 | 1.2.9 | 51.00 | 104.00 | 155.00 | OK | |
r-oldrel-macos-arm64 | 1.2.9 | NOTE | ||||
r-oldrel-macos-x86_64 | 1.2.9 | NOTE | ||||
r-oldrel-windows-ix86+x86_64 | 1.2.9 | 26.00 | 92.00 | 118.00 | OK |
Version: 1.2.9
Check: data for non-ASCII characters
Result: NOTE
Note: found 5 marked UTF-8 strings
Flavors: r-devel-linux-x86_64-fedora-clang, r-devel-linux-x86_64-fedora-gcc, r-release-macos-arm64, r-release-macos-x86_64, r-oldrel-macos-arm64, r-oldrel-macos-x86_64