Last updated on 2022-04-24 03:52:24 CEST.
Flavor | Version | Tinstall | Tcheck | Ttotal | Status | Flags |
---|---|---|---|---|---|---|
r-devel-linux-x86_64-debian-clang | 1.0.9 | 5.77 | 64.49 | 70.26 | NOTE | |
r-devel-linux-x86_64-debian-gcc | 1.0.9 | 4.32 | 50.42 | 54.74 | NOTE | |
r-devel-linux-x86_64-fedora-clang | 1.0.9 | 85.24 | NOTE | |||
r-devel-linux-x86_64-fedora-gcc | 1.0.9 | 72.92 | NOTE | |||
r-patched-linux-x86_64 | 1.0.9 | 6.01 | 59.25 | 65.26 | NOTE | |
r-release-linux-x86_64 | 1.0.9 | 4.51 | 55.83 | 60.34 | NOTE | |
r-release-macos-arm64 | 1.0.9 | NOTE | ||||
r-release-macos-x86_64 | 1.0.9 | NOTE | ||||
r-release-windows-x86_64 | 1.0.9 | 10.00 | 78.00 | 88.00 | NOTE | |
r-oldrel-macos-arm64 | 1.0.9 | NOTE | ||||
r-oldrel-macos-x86_64 | 1.0.9 | NOTE | ||||
r-oldrel-windows-ix86+x86_64 | 1.0.9 | 10.00 | 62.00 | 72.00 | NOTE |
Version: 1.0.9
Check: R code for possible problems
Result: NOTE
UCexactTest: no visible global function definition for 'is'
UCexactTest: no visible global function definition for 'new'
pvalue: no visible global function definition for 'dnbinom'
pvalue: no visible global function definition for 'pnbinom'
sup.mu: no visible global function definition for 'predict'
Undefined global functions or variables:
dnbinom is new pnbinom predict
Consider adding
importFrom("methods", "is", "new")
importFrom("stats", "dnbinom", "pnbinom", "predict")
to your NAMESPACE file (and ensure that your DESCRIPTION Imports field
contains 'methods').
Flavors: r-devel-linux-x86_64-debian-clang, r-devel-linux-x86_64-debian-gcc, r-devel-linux-x86_64-fedora-clang, r-devel-linux-x86_64-fedora-gcc, r-patched-linux-x86_64, r-release-linux-x86_64, r-release-macos-arm64, r-release-macos-x86_64, r-release-windows-x86_64, r-oldrel-macos-arm64, r-oldrel-macos-x86_64, r-oldrel-windows-ix86+x86_64