Last updated on 2022-04-24 03:52:24 CEST.
Flavor | Version | Tinstall | Tcheck | Ttotal | Status | Flags |
---|---|---|---|---|---|---|
r-devel-linux-x86_64-debian-clang | 0.3.1 | 33.76 | 101.62 | 135.38 | WARN | |
r-devel-linux-x86_64-debian-gcc | 0.3.1 | 29.57 | 74.70 | 104.27 | OK | |
r-devel-linux-x86_64-fedora-clang | 0.3.1 | 172.63 | WARN | |||
r-devel-linux-x86_64-fedora-gcc | 0.3.1 | 152.01 | NOTE | |||
r-patched-linux-x86_64 | 0.3.1 | 32.17 | 94.87 | 127.04 | OK | |
r-release-linux-x86_64 | 0.3.1 | 31.42 | 88.12 | 119.54 | OK | |
r-release-macos-arm64 | 0.3.1 | NOTE | ||||
r-release-macos-x86_64 | 0.3.1 | NOTE | ||||
r-release-windows-x86_64 | 0.3.1 | 53.00 | 127.00 | 180.00 | OK | |
r-oldrel-macos-arm64 | 0.3.1 | NOTE | ||||
r-oldrel-macos-x86_64 | 0.3.1 | NOTE | ||||
r-oldrel-windows-ix86+x86_64 | 0.3.1 | 81.00 | 152.00 | 233.00 | OK |
Version: 0.3.1
Check: whether package can be installed
Result: WARN
Found the following significant warnings:
forceBundle.cpp:14:6: warning: use of bitwise '&' with boolean operands [-Wbitwise-instead-of-logical]
forceBundle.cpp:269:8: warning: use of bitwise '|' with boolean operands [-Wbitwise-instead-of-logical]
Flavors: r-devel-linux-x86_64-debian-clang, r-devel-linux-x86_64-fedora-clang
Version: 0.3.1
Check: data for non-ASCII characters
Result: NOTE
Note: found 22 marked UTF-8 strings
Flavors: r-devel-linux-x86_64-fedora-clang, r-devel-linux-x86_64-fedora-gcc, r-release-macos-arm64, r-release-macos-x86_64, r-oldrel-macos-arm64, r-oldrel-macos-x86_64