Last updated on 2022-04-24 03:52:24 CEST.
Flavor | Version | Tinstall | Tcheck | Ttotal | Status | Flags |
---|---|---|---|---|---|---|
r-devel-linux-x86_64-debian-clang | 0.1.4 | 4.43 | 50.38 | 54.81 | NOTE | |
r-devel-linux-x86_64-debian-gcc | 0.1.4 | 2.73 | 37.76 | 40.49 | NOTE | |
r-devel-linux-x86_64-fedora-clang | 0.1.4 | 68.41 | NOTE | |||
r-devel-linux-x86_64-fedora-gcc | 0.1.4 | 56.32 | NOTE | |||
r-patched-linux-x86_64 | 0.1.4 | 3.78 | 46.73 | 50.51 | NOTE | |
r-release-linux-x86_64 | 0.1.4 | 3.98 | 49.68 | 53.66 | NOTE | |
r-release-macos-arm64 | 0.1.4 | NOTE | ||||
r-release-macos-x86_64 | 0.1.4 | NOTE | ||||
r-release-windows-x86_64 | 0.1.4 | 25.00 | 72.00 | 97.00 | NOTE | |
r-oldrel-macos-arm64 | 0.1.4 | NOTE | ||||
r-oldrel-macos-x86_64 | 0.1.4 | NOTE | ||||
r-oldrel-windows-ix86+x86_64 | 0.1.4 | 12.00 | 57.00 | 69.00 | NOTE |
Version: 0.1.4
Check: LazyData
Result: NOTE
'LazyData' is specified without a 'data' directory
Flavors: r-devel-linux-x86_64-debian-clang, r-devel-linux-x86_64-debian-gcc, r-devel-linux-x86_64-fedora-clang, r-devel-linux-x86_64-fedora-gcc, r-patched-linux-x86_64, r-release-linux-x86_64, r-release-macos-arm64, r-release-macos-x86_64, r-release-windows-x86_64, r-oldrel-macos-arm64, r-oldrel-macos-x86_64, r-oldrel-windows-ix86+x86_64