Last updated on 2022-04-24 03:52:24 CEST.
Flavor | Version | Tinstall | Tcheck | Ttotal | Status | Flags |
---|---|---|---|---|---|---|
r-devel-linux-x86_64-debian-clang | 0.1.1 | 44.99 | 71.69 | 116.68 | NOTE | |
r-devel-linux-x86_64-debian-gcc | 0.1.1 | 32.63 | 52.71 | 85.34 | NOTE | |
r-devel-linux-x86_64-fedora-clang | 0.1.1 | 152.47 | NOTE | |||
r-devel-linux-x86_64-fedora-gcc | 0.1.1 | 127.94 | NOTE | |||
r-patched-linux-x86_64 | 0.1.1 | 37.17 | 66.99 | 104.16 | NOTE | |
r-release-linux-x86_64 | 0.1.1 | 36.53 | 61.55 | 98.08 | NOTE | |
r-release-macos-arm64 | 0.1.1 | NOTE | ||||
r-release-macos-x86_64 | 0.1.1 | NOTE | ||||
r-release-windows-x86_64 | 0.1.1 | 44.00 | 106.00 | 150.00 | NOTE | |
r-oldrel-macos-arm64 | 0.1.1 | NOTE | ||||
r-oldrel-macos-x86_64 | 0.1.1 | NOTE | ||||
r-oldrel-windows-ix86+x86_64 | 0.1.1 | 102.00 | 107.00 | 209.00 | NOTE |
Version: 0.1.1
Check: LazyData
Result: NOTE
'LazyData' is specified without a 'data' directory
Flavors: r-devel-linux-x86_64-debian-clang, r-devel-linux-x86_64-debian-gcc, r-devel-linux-x86_64-fedora-clang, r-devel-linux-x86_64-fedora-gcc, r-patched-linux-x86_64, r-release-linux-x86_64, r-release-macos-arm64, r-release-macos-x86_64, r-release-windows-x86_64, r-oldrel-macos-arm64, r-oldrel-macos-x86_64, r-oldrel-windows-ix86+x86_64