Last updated on 2022-04-24 03:52:24 CEST.
Flavor | Version | Tinstall | Tcheck | Ttotal | Status | Flags |
---|---|---|---|---|---|---|
r-devel-linux-x86_64-debian-clang | 0.1.8 | 8.58 | 78.14 | 86.72 | OK | |
r-devel-linux-x86_64-debian-gcc | 0.1.8 | 5.98 | 57.33 | 63.31 | OK | |
r-devel-linux-x86_64-fedora-clang | 0.1.8 | 102.57 | NOTE | |||
r-devel-linux-x86_64-fedora-gcc | 0.1.8 | 88.26 | NOTE | |||
r-patched-linux-x86_64 | 0.1.8 | 5.23 | 73.25 | 78.48 | OK | |
r-release-linux-x86_64 | 0.1.8 | 4.83 | 69.99 | 74.82 | OK | |
r-release-macos-arm64 | 0.1.8 | NOTE | ||||
r-release-macos-x86_64 | 0.1.8 | NOTE | ||||
r-release-windows-x86_64 | 0.1.8 | 19.00 | 103.00 | 122.00 | OK | |
r-oldrel-macos-arm64 | 0.1.8 | NOTE | ||||
r-oldrel-macos-x86_64 | 0.1.8 | NOTE | ||||
r-oldrel-windows-ix86+x86_64 | 0.1.8 | 20.00 | 83.00 | 103.00 | OK |
Version: 0.1.8
Check: dependencies in R code
Result: NOTE
Namespaces in Imports field not imported from:
‘dplyr’ ‘magrittr’ ‘tibble’
All declared Imports should be used.
Flavors: r-devel-linux-x86_64-fedora-clang, r-devel-linux-x86_64-fedora-gcc, r-release-macos-arm64, r-release-macos-x86_64, r-oldrel-macos-arm64, r-oldrel-macos-x86_64