Last updated on 2022-04-24 03:52:24 CEST.
Flavor | Version | Tinstall | Tcheck | Ttotal | Status | Flags |
---|---|---|---|---|---|---|
r-devel-linux-x86_64-debian-clang | 1.1 | 4.40 | 104.99 | 109.39 | OK | |
r-devel-linux-x86_64-debian-gcc | 1.1 | 3.72 | 73.02 | 76.74 | OK | |
r-devel-linux-x86_64-fedora-clang | 1.1 | 124.87 | NOTE | |||
r-devel-linux-x86_64-fedora-gcc | 1.1 | 111.06 | OK | |||
r-patched-linux-x86_64 | 1.1 | 5.86 | 95.83 | 101.69 | OK | |
r-release-linux-x86_64 | 1.1 | 4.71 | 93.96 | 98.67 | OK | |
r-release-macos-arm64 | 1.1 | OK | ||||
r-release-macos-x86_64 | 1.1 | OK | ||||
r-release-windows-x86_64 | 1.1 | 21.00 | 126.00 | 147.00 | OK | |
r-oldrel-macos-arm64 | 1.1 | OK | ||||
r-oldrel-macos-x86_64 | 1.1 | OK | ||||
r-oldrel-windows-ix86+x86_64 | 1.1 | 8.00 | 107.00 | 115.00 | OK |
Version: 1.1
Check: Rd cross-references
Result: NOTE
Undeclared package ‘ndl’ in Rd xrefs
Flavor: r-devel-linux-x86_64-fedora-clang