Last updated on 2022-04-24 03:52:24 CEST.
Flavor | Version | Tinstall | Tcheck | Ttotal | Status | Flags |
---|---|---|---|---|---|---|
r-devel-linux-x86_64-debian-clang | 1.0 | 1.74 | 32.33 | 34.07 | NOTE | |
r-devel-linux-x86_64-debian-gcc | 1.0 | 1.70 | 24.92 | 26.62 | NOTE | |
r-devel-linux-x86_64-fedora-clang | 1.0 | 42.21 | NOTE | |||
r-devel-linux-x86_64-fedora-gcc | 1.0 | 30.82 | NOTE | |||
r-patched-linux-x86_64 | 1.0 | 2.13 | 30.53 | 32.66 | NOTE | |
r-release-linux-x86_64 | 1.0 | 1.53 | 29.80 | 31.33 | NOTE | |
r-release-macos-arm64 | 1.0 | NOTE | ||||
r-release-macos-x86_64 | 1.0 | NOTE | ||||
r-release-windows-x86_64 | 1.0 | 13.00 | 52.00 | 65.00 | NOTE | |
r-oldrel-macos-arm64 | 1.0 | NOTE | ||||
r-oldrel-macos-x86_64 | 1.0 | NOTE | ||||
r-oldrel-windows-ix86+x86_64 | 1.0 | 5.00 | 28.00 | 33.00 | NOTE |
Version: 1.0
Check: R code for possible problems
Result: NOTE
geteegdata: no visible global function definition for 'untar'
geteegdata: no visible global function definition for 'read.table'
geteegdata: no visible global function definition for 'write.csv'
geteegdata: no visible global function definition for 'write.table'
Undefined global functions or variables:
read.table untar write.csv write.table
Consider adding
importFrom("utils", "read.table", "untar", "write.csv", "write.table")
to your NAMESPACE file.
Flavors: r-devel-linux-x86_64-debian-clang, r-devel-linux-x86_64-debian-gcc, r-devel-linux-x86_64-fedora-clang, r-devel-linux-x86_64-fedora-gcc, r-patched-linux-x86_64, r-release-linux-x86_64, r-release-macos-arm64, r-release-macos-x86_64, r-release-windows-x86_64, r-oldrel-macos-arm64, r-oldrel-macos-x86_64, r-oldrel-windows-ix86+x86_64