Last updated on 2022-04-24 03:52:24 CEST.
Flavor | Version | Tinstall | Tcheck | Ttotal | Status | Flags |
---|---|---|---|---|---|---|
r-devel-linux-x86_64-debian-clang | 1.1 | 8.59 | 90.06 | 98.65 | OK | |
r-devel-linux-x86_64-debian-gcc | 1.1 | 6.80 | 67.83 | 74.63 | OK | |
r-devel-linux-x86_64-fedora-clang | 1.1 | 116.09 | OK | |||
r-devel-linux-x86_64-fedora-gcc | 1.1 | 104.83 | OK | |||
r-patched-linux-x86_64 | 1.1 | 2.59 | 11.72 | 14.31 | ERROR | |
r-release-linux-x86_64 | 1.1 | 7.31 | 78.71 | 86.02 | OK | |
r-release-macos-arm64 | 1.1 | OK | ||||
r-release-macos-x86_64 | 1.1 | OK | ||||
r-release-windows-x86_64 | 1.1 | 13.00 | 109.00 | 122.00 | OK | |
r-oldrel-macos-arm64 | 1.1 | OK | ||||
r-oldrel-macos-x86_64 | 1.1 | OK | ||||
r-oldrel-windows-ix86+x86_64 | 1.1 | 18.00 | 91.00 | 109.00 | OK |
Version: 1.1
Check: whether package can be installed
Result: ERROR
Installation failed.
Flavor: r-patched-linux-x86_64