Last updated on 2022-04-24 03:52:24 CEST.
Flavor | Version | Tinstall | Tcheck | Ttotal | Status | Flags |
---|---|---|---|---|---|---|
r-devel-linux-x86_64-debian-clang | 1.2.0 | 77.06 | 107.88 | 184.94 | OK | |
r-devel-linux-x86_64-debian-gcc | 1.2.0 | 62.46 | 80.43 | 142.89 | OK | |
r-devel-linux-x86_64-fedora-clang | 1.2.0 | 244.93 | NOTE | |||
r-devel-linux-x86_64-fedora-gcc | 1.2.0 | 215.98 | OK | |||
r-patched-linux-x86_64 | 1.2.0 | 68.86 | 101.90 | 170.76 | OK | |
r-release-linux-x86_64 | 1.2.0 | 62.42 | 96.30 | 158.72 | OK | |
r-release-macos-arm64 | 1.2.0 | NOTE | ||||
r-release-macos-x86_64 | 1.2.0 | NOTE | ||||
r-release-windows-x86_64 | 1.2.0 | 52.00 | 135.00 | 187.00 | NOTE | |
r-oldrel-macos-arm64 | 1.2.0 | NOTE | ||||
r-oldrel-macos-x86_64 | 1.2.0 | NOTE | ||||
r-oldrel-windows-ix86+x86_64 | 1.2.0 | 136.00 | 150.00 | 286.00 | NOTE |
Version: 1.2.0
Check: installed package size
Result: NOTE
installed size is 11.7Mb
sub-directories of 1Mb or more:
libs 11.5Mb
Flavors: r-devel-linux-x86_64-fedora-clang, r-release-macos-arm64, r-release-macos-x86_64, r-release-windows-x86_64, r-oldrel-macos-arm64, r-oldrel-macos-x86_64, r-oldrel-windows-ix86+x86_64