Last updated on 2022-04-24 03:52:24 CEST.
Flavor | Version | Tinstall | Tcheck | Ttotal | Status | Flags |
---|---|---|---|---|---|---|
r-devel-linux-x86_64-debian-clang | 1.1.3 | 15.22 | 53.65 | 68.87 | NOTE | |
r-devel-linux-x86_64-debian-gcc | 1.1.3 | 13.18 | 40.81 | 53.99 | NOTE | |
r-devel-linux-x86_64-fedora-clang | 1.1.3 | 91.12 | NOTE | |||
r-devel-linux-x86_64-fedora-gcc | 1.1.3 | 77.44 | NOTE | |||
r-patched-linux-x86_64 | 1.1.3 | 13.01 | 52.35 | 65.36 | OK | |
r-release-linux-x86_64 | 1.1.3 | 13.46 | 50.09 | 63.55 | OK | |
r-release-macos-arm64 | 1.1.3 | OK | ||||
r-release-macos-x86_64 | 1.1.3 | OK | ||||
r-release-windows-x86_64 | 1.1.3 | 45.00 | 93.00 | 138.00 | OK | |
r-oldrel-macos-arm64 | 1.1.3 | OK | ||||
r-oldrel-macos-x86_64 | 1.1.3 | OK | ||||
r-oldrel-windows-ix86+x86_64 | 1.1.3 | 37.00 | 73.00 | 110.00 | OK |
Version: 1.1.3
Check: Rd files
Result: NOTE
checkRd: (7) file 'effectFusion.Rd': \item in \describe must have non-empty label
Flavors: r-devel-linux-x86_64-debian-clang, r-devel-linux-x86_64-debian-gcc, r-devel-linux-x86_64-fedora-clang, r-devel-linux-x86_64-fedora-gcc