Last updated on 2022-04-24 03:52:24 CEST.
Flavor | Version | Tinstall | Tcheck | Ttotal | Status | Flags |
---|---|---|---|---|---|---|
r-devel-linux-x86_64-debian-clang | 1.0.2 | 4.77 | 57.06 | 61.83 | OK | |
r-devel-linux-x86_64-debian-gcc | 1.0.2 | 3.51 | 43.36 | 46.87 | OK | |
r-devel-linux-x86_64-fedora-clang | 1.0.2 | 78.22 | NOTE | |||
r-devel-linux-x86_64-fedora-gcc | 1.0.2 | 60.99 | NOTE | |||
r-patched-linux-x86_64 | 1.0.2 | 8.76 | 55.00 | 63.76 | OK | |
r-release-linux-x86_64 | 1.0.2 | 3.02 | 50.73 | 53.75 | OK | |
r-release-macos-arm64 | 1.0.2 | NOTE | ||||
r-release-macos-x86_64 | 1.0.2 | NOTE | ||||
r-release-windows-x86_64 | 1.0.2 | 17.00 | 80.00 | 97.00 | OK | |
r-oldrel-macos-arm64 | 1.0.2 | NOTE | ||||
r-oldrel-macos-x86_64 | 1.0.2 | NOTE | ||||
r-oldrel-windows-ix86+x86_64 | 1.0.2 | 12.00 | 62.00 | 74.00 | OK |
Version: 1.0.2
Check: dependencies in R code
Result: NOTE
Namespace in Imports field not imported from: ‘rmarkdown’
All declared Imports should be used.
Flavors: r-devel-linux-x86_64-fedora-clang, r-devel-linux-x86_64-fedora-gcc, r-release-macos-arm64, r-release-macos-x86_64, r-oldrel-macos-arm64, r-oldrel-macos-x86_64