Last updated on 2022-04-24 03:52:24 CEST.
Flavor | Version | Tinstall | Tcheck | Ttotal | Status | Flags |
---|---|---|---|---|---|---|
r-devel-linux-x86_64-debian-clang | 4.2-1 | 15.80 | 211.31 | 227.11 | OK | |
r-devel-linux-x86_64-debian-gcc | 4.2-1 | 14.29 | 153.65 | 167.94 | OK | |
r-devel-linux-x86_64-fedora-clang | 4.2-1 | 275.28 | OK | |||
r-devel-linux-x86_64-fedora-gcc | 4.2-1 | 260.00 | OK | |||
r-patched-linux-x86_64 | 4.2-1 | 19.93 | 196.53 | 216.46 | OK | |
r-release-linux-x86_64 | 4.2-1 | 15.22 | 192.99 | 208.21 | OK | |
r-release-macos-arm64 | 4.2-1 | OK | ||||
r-release-macos-x86_64 | 4.2-1 | WARN | --as-cran | |||
r-release-windows-x86_64 | 4.2-1 | 33.00 | 261.00 | 294.00 | OK | |
r-oldrel-macos-arm64 | 4.2-1 | OK | ||||
r-oldrel-macos-x86_64 | 4.2-1 | WARN | --as-cran | |||
r-oldrel-windows-ix86+x86_64 | 4.2-1 | 31.00 | 221.00 | 252.00 | OK |
Version: 4.2-1
Flags: --as-cran
Check: CRAN incoming feasibility
Result: WARN
Maintainer: ‘John Fox <jfox@mcmaster.ca>’
Insufficient package version (submitted: 4.2.1, existing: 4.2.1)
Days since last update: 1
Flavors: r-release-macos-x86_64, r-oldrel-macos-x86_64
Version: 4.2-1
Flags: --as-cran
Check: sizes of PDF files under ‘inst/doc’
Result: NOTE
Unable to find GhostScript executable to run checks on size reduction
Flavors: r-release-macos-x86_64, r-oldrel-macos-x86_64