Last updated on 2022-04-24 03:52:24 CEST.
Flavor | Version | Tinstall | Tcheck | Ttotal | Status | Flags |
---|---|---|---|---|---|---|
r-devel-linux-x86_64-debian-clang | 2.3-2 | 825.53 | 174.62 | 1000.15 | NOTE | |
r-devel-linux-x86_64-debian-gcc | 2.3-2 | 779.30 | 161.29 | 940.59 | NOTE | |
r-devel-linux-x86_64-fedora-clang | 2.3-2 | 1428.51 | NOTE | |||
r-devel-linux-x86_64-fedora-gcc | 2.3-2 | 1537.95 | NOTE | |||
r-patched-linux-x86_64 | 2.3-2 | 619.83 | 210.30 | 830.13 | NOTE | |
r-release-linux-x86_64 | 2.3-2 | 609.60 | 195.04 | 804.64 | NOTE | |
r-release-macos-arm64 | 2.3-2 | NOTE | ||||
r-release-macos-x86_64 | 2.3-2 | NOTE | ||||
r-release-windows-x86_64 | 2.3-2 | 579.00 | 266.00 | 845.00 | NOTE | |
r-oldrel-macos-arm64 | 2.3-2 | NOTE | ||||
r-oldrel-macos-x86_64 | 2.3-2 | NOTE | ||||
r-oldrel-windows-ix86+x86_64 | 2.3-2 | 1779.00 | 9.00 | 1788.00 | ERROR |
Version: 2.3-2
Check: package dependencies
Result: NOTE
Package suggested but not available for checking: 'eggCountsExtra'
Flavors: r-devel-linux-x86_64-debian-clang, r-devel-linux-x86_64-debian-gcc, r-devel-linux-x86_64-fedora-clang, r-devel-linux-x86_64-fedora-gcc, r-patched-linux-x86_64, r-release-linux-x86_64, r-release-macos-arm64, r-release-macos-x86_64, r-release-windows-x86_64, r-oldrel-macos-arm64, r-oldrel-macos-x86_64, r-oldrel-windows-ix86+x86_64
Version: 2.3-2
Check: for GNU extensions in Makefiles
Result: NOTE
GNU make is a SystemRequirements.
Flavors: r-devel-linux-x86_64-debian-clang, r-devel-linux-x86_64-debian-gcc, r-devel-linux-x86_64-fedora-clang, r-devel-linux-x86_64-fedora-gcc, r-patched-linux-x86_64, r-release-linux-x86_64, r-release-macos-arm64, r-release-macos-x86_64, r-release-windows-x86_64, r-oldrel-macos-arm64, r-oldrel-macos-x86_64
Version: 2.3-2
Check: installed package size
Result: NOTE
installed size is 73.1Mb
sub-directories of 1Mb or more:
libs 72.4Mb
Flavors: r-devel-linux-x86_64-fedora-clang, r-release-macos-arm64, r-release-macos-x86_64, r-release-windows-x86_64, r-oldrel-macos-arm64, r-oldrel-macos-x86_64
Version: 2.3-2
Check: whether package can be installed
Result: ERROR
Installation failed.
Flavor: r-oldrel-windows-ix86+x86_64