Last updated on 2022-04-24 03:52:24 CEST.
Flavor | Version | Tinstall | Tcheck | Ttotal | Status | Flags |
---|---|---|---|---|---|---|
r-devel-linux-x86_64-debian-clang | 1.22.1 | 17.18 | 480.68 | 497.86 | WARN | |
r-devel-linux-x86_64-debian-gcc | 1.22.1 | 15.53 | 345.55 | 361.08 | WARN | |
r-devel-linux-x86_64-fedora-clang | 1.22.1 | 413.58 | WARN | |||
r-devel-linux-x86_64-fedora-gcc | 1.22.1 | 570.80 | WARN | |||
r-patched-linux-x86_64 | 1.22.1 | 20.71 | 448.06 | 468.77 | OK | |
r-release-linux-x86_64 | 1.22.1 | 15.56 | 438.37 | 453.93 | OK | |
r-release-macos-arm64 | 1.22.1 | OK | ||||
r-release-macos-x86_64 | 1.22.1 | OK | ||||
r-release-windows-x86_64 | 1.22.1 | 84.00 | 477.00 | 561.00 | OK | |
r-oldrel-macos-arm64 | 1.22.1 | OK | ||||
r-oldrel-macos-x86_64 | 1.22.1 | OK | ||||
r-oldrel-windows-ix86+x86_64 | 1.22.1 | 33.00 | 487.00 | 520.00 | OK |
Version: 1.22.1
Check: Rd files
Result: WARN
checkRd: (7) egor-package-doc.Rd:28: invalid email address: m.bojanowski at icm.edu.pl
Flavors: r-devel-linux-x86_64-debian-clang, r-devel-linux-x86_64-debian-gcc, r-devel-linux-x86_64-fedora-clang, r-devel-linux-x86_64-fedora-gcc