Last updated on 2022-04-24 03:52:24 CEST.
Flavor | Version | Tinstall | Tcheck | Ttotal | Status | Flags |
---|---|---|---|---|---|---|
r-devel-linux-x86_64-debian-clang | 1.0.1 | 7.74 | 227.43 | 235.17 | OK | |
r-devel-linux-x86_64-debian-gcc | 1.0.1 | 7.82 | 161.69 | 169.51 | OK | |
r-devel-linux-x86_64-fedora-clang | 1.0.1 | 301.77 | NOTE | |||
r-devel-linux-x86_64-fedora-gcc | 1.0.1 | 262.00 | NOTE | |||
r-patched-linux-x86_64 | 1.0.1 | 9.67 | 211.97 | 221.64 | OK | |
r-release-linux-x86_64 | 1.0.1 | 7.70 | 205.54 | 213.24 | OK | |
r-release-macos-arm64 | 1.0.1 | NOTE | ||||
r-release-macos-x86_64 | 1.0.1 | NOTE | ||||
r-release-windows-x86_64 | 1.0.1 | 37.00 | 342.00 | 379.00 | OK | |
r-oldrel-macos-arm64 | 1.0.1 | NOTE | ||||
r-oldrel-macos-x86_64 | 1.0.1 | NOTE | ||||
r-oldrel-windows-ix86+x86_64 | 1.0.1 | 25.00 | 337.00 | 362.00 | OK |
Version: 1.0.1
Check: dependencies in R code
Result: NOTE
Namespace in Imports field not imported from: ‘snow’
All declared Imports should be used.
Flavors: r-devel-linux-x86_64-fedora-clang, r-devel-linux-x86_64-fedora-gcc, r-release-macos-arm64, r-release-macos-x86_64, r-oldrel-macos-arm64, r-oldrel-macos-x86_64