Last updated on 2022-04-24 03:52:24 CEST.
Flavor | Version | Tinstall | Tcheck | Ttotal | Status | Flags |
---|---|---|---|---|---|---|
r-devel-linux-x86_64-debian-clang | 2011.8-1 | 2.00 | 30.02 | 32.02 | NOTE | |
r-devel-linux-x86_64-debian-gcc | 2011.8-1 | 1.47 | 23.06 | 24.53 | NOTE | |
r-devel-linux-x86_64-fedora-clang | 2011.8-1 | 38.81 | NOTE | |||
r-devel-linux-x86_64-fedora-gcc | 2011.8-1 | 27.43 | NOTE | |||
r-patched-linux-x86_64 | 2011.8-1 | 1.66 | 28.84 | 30.50 | NOTE | |
r-release-linux-x86_64 | 2011.8-1 | 1.72 | 28.43 | 30.15 | NOTE | |
r-release-macos-arm64 | 2011.8-1 | NOTE | ||||
r-release-macos-x86_64 | 2011.8-1 | NOTE | ||||
r-release-windows-x86_64 | 2011.8-1 | 12.00 | 42.00 | 54.00 | NOTE | |
r-oldrel-macos-arm64 | 2011.8-1 | NOTE | ||||
r-oldrel-macos-x86_64 | 2011.8-1 | NOTE | ||||
r-oldrel-windows-ix86+x86_64 | 2011.8-1 | 4.00 | 24.00 | 28.00 | NOTE |
Version: 2011.8-1
Check: R code for possible problems
Result: NOTE
eiginv: no visible global function definition for 'runif'
Undefined global functions or variables:
runif
Consider adding
importFrom("stats", "runif")
to your NAMESPACE file.
Flavors: r-devel-linux-x86_64-debian-clang, r-devel-linux-x86_64-debian-gcc, r-devel-linux-x86_64-fedora-clang, r-devel-linux-x86_64-fedora-gcc, r-patched-linux-x86_64, r-release-linux-x86_64, r-release-macos-arm64, r-release-macos-x86_64, r-release-windows-x86_64, r-oldrel-macos-arm64, r-oldrel-macos-x86_64, r-oldrel-windows-ix86+x86_64