Last updated on 2022-04-24 03:52:24 CEST.
Flavor | Version | Tinstall | Tcheck | Ttotal | Status | Flags |
---|---|---|---|---|---|---|
r-devel-linux-x86_64-debian-clang | 1.0 | 1.71 | 30.98 | 32.69 | NOTE | |
r-devel-linux-x86_64-debian-gcc | 1.0 | 1.58 | 23.93 | 25.51 | NOTE | |
r-devel-linux-x86_64-fedora-clang | 1.0 | 40.54 | NOTE | |||
r-devel-linux-x86_64-fedora-gcc | 1.0 | 28.67 | NOTE | |||
r-patched-linux-x86_64 | 1.0 | 1.89 | 29.95 | 31.84 | NOTE | |
r-release-linux-x86_64 | 1.0 | 1.60 | 29.34 | 30.94 | NOTE | |
r-release-macos-arm64 | 1.0 | NOTE | ||||
r-release-macos-x86_64 | 1.0 | NOTE | ||||
r-release-windows-x86_64 | 1.0 | 18.00 | 43.00 | 61.00 | NOTE | |
r-oldrel-macos-arm64 | 1.0 | NOTE | ||||
r-oldrel-macos-x86_64 | 1.0 | NOTE | ||||
r-oldrel-windows-ix86+x86_64 | 1.0 | 4.00 | 26.00 | 30.00 | NOTE |
Version: 1.0
Check: R code for possible problems
Result: NOTE
boot_pr_comp: no visible global function definition for 'cov'
boot_pr_comp: no visible global function definition for 'quantile'
boot_pr_comp: no visible global function definition for 'segments'
boot_pr_comp: no visible global function definition for 'abline'
Undefined global functions or variables:
abline cov quantile segments
Consider adding
importFrom("graphics", "abline", "segments")
importFrom("stats", "cov", "quantile")
to your NAMESPACE file.
Flavors: r-devel-linux-x86_64-debian-clang, r-devel-linux-x86_64-debian-gcc, r-devel-linux-x86_64-fedora-clang, r-devel-linux-x86_64-fedora-gcc, r-patched-linux-x86_64, r-release-linux-x86_64, r-release-macos-arm64, r-release-macos-x86_64, r-release-windows-x86_64, r-oldrel-macos-arm64, r-oldrel-macos-x86_64, r-oldrel-windows-ix86+x86_64