Last updated on 2022-04-24 03:52:24 CEST.
Flavor | Version | Tinstall | Tcheck | Ttotal | Status | Flags |
---|---|---|---|---|---|---|
r-devel-linux-x86_64-debian-clang | 0.1.0 | 17.83 | 177.46 | 195.29 | OK | |
r-devel-linux-x86_64-debian-gcc | 0.1.0 | 14.64 | 127.87 | 142.51 | OK | |
r-devel-linux-x86_64-fedora-clang | 0.1.0 | 261.13 | NOTE | |||
r-devel-linux-x86_64-fedora-gcc | 0.1.0 | 209.06 | NOTE | |||
r-patched-linux-x86_64 | 0.1.0 | 17.10 | 154.76 | 171.86 | OK | |
r-release-linux-x86_64 | 0.1.0 | 16.09 | 153.43 | 169.52 | OK | |
r-release-macos-arm64 | 0.1.0 | NOTE | ||||
r-release-macos-x86_64 | 0.1.0 | NOTE | ||||
r-release-windows-x86_64 | 0.1.0 | 23.00 | 211.00 | 234.00 | OK | |
r-oldrel-macos-arm64 | 0.1.0 | NOTE | ||||
r-oldrel-macos-x86_64 | 0.1.0 | NOTE | ||||
r-oldrel-windows-ix86+x86_64 | 0.1.0 | 48.00 | 326.00 | 374.00 | OK |
Version: 0.1.0
Check: dependencies in R code
Result: NOTE
Namespace in Imports field not imported from: ‘mathjaxr’
All declared Imports should be used.
Flavors: r-devel-linux-x86_64-fedora-clang, r-devel-linux-x86_64-fedora-gcc, r-release-macos-arm64, r-release-macos-x86_64, r-oldrel-macos-arm64, r-oldrel-macos-x86_64