Last updated on 2022-04-24 03:52:24 CEST.
Flavor | Version | Tinstall | Tcheck | Ttotal | Status | Flags |
---|---|---|---|---|---|---|
r-devel-linux-x86_64-debian-clang | 0.5 | 13.65 | 155.71 | 169.36 | OK | |
r-devel-linux-x86_64-debian-gcc | 0.5 | 10.74 | 115.04 | 125.78 | OK | |
r-devel-linux-x86_64-fedora-clang | 0.5 | 211.31 | NOTE | |||
r-devel-linux-x86_64-fedora-gcc | 0.5 | 187.09 | OK | |||
r-patched-linux-x86_64 | 0.5 | 11.56 | 148.46 | 160.02 | OK | |
r-release-linux-x86_64 | 0.5 | 8.02 | 136.99 | 145.01 | OK | |
r-release-macos-arm64 | 0.5 | OK | ||||
r-release-macos-x86_64 | 0.5 | OK | ||||
r-release-windows-x86_64 | 0.5 | 20.00 | 178.00 | 198.00 | OK | |
r-oldrel-macos-arm64 | 0.5 | OK | ||||
r-oldrel-macos-x86_64 | 0.5 | OK | ||||
r-oldrel-windows-ix86+x86_64 | 0.5 | 30.00 | 161.00 | 191.00 | OK |
Version: 0.5
Check: Rd cross-references
Result: NOTE
Undeclared package ‘eRm’ in Rd xrefs
Flavor: r-devel-linux-x86_64-fedora-clang