Last updated on 2022-04-24 03:52:24 CEST.
Flavor | Version | Tinstall | Tcheck | Ttotal | Status | Flags |
---|---|---|---|---|---|---|
r-devel-linux-x86_64-debian-clang | 1.1 | 14.92 | 105.26 | 120.18 | NOTE | |
r-devel-linux-x86_64-debian-gcc | 1.1 | 12.07 | 76.61 | 88.68 | NOTE | |
r-devel-linux-x86_64-fedora-clang | 1.1 | 146.39 | NOTE | |||
r-devel-linux-x86_64-fedora-gcc | 1.1 | 125.45 | NOTE | |||
r-patched-linux-x86_64 | 1.1 | 8.94 | 99.44 | 108.38 | NOTE | |
r-release-linux-x86_64 | 1.1 | 8.96 | 94.32 | 103.28 | NOTE | |
r-release-macos-arm64 | 1.1 | NOTE | ||||
r-release-macos-x86_64 | 1.1 | NOTE | ||||
r-release-windows-x86_64 | 1.1 | 39.00 | 117.00 | 156.00 | NOTE | |
r-oldrel-macos-arm64 | 1.1 | NOTE | ||||
r-oldrel-macos-x86_64 | 1.1 | NOTE | ||||
r-oldrel-windows-ix86+x86_64 | 1.1 | 29.00 | 103.00 | 132.00 | NOTE |
Version: 1.1
Check: LazyData
Result: NOTE
'LazyData' is specified without a 'data' directory
Flavors: r-devel-linux-x86_64-debian-clang, r-devel-linux-x86_64-debian-gcc, r-devel-linux-x86_64-fedora-clang, r-devel-linux-x86_64-fedora-gcc, r-patched-linux-x86_64, r-release-linux-x86_64, r-release-macos-arm64, r-release-macos-x86_64, r-release-windows-x86_64, r-oldrel-macos-arm64, r-oldrel-macos-x86_64, r-oldrel-windows-ix86+x86_64