Last updated on 2022-04-24 03:52:24 CEST.
Flavor | Version | Tinstall | Tcheck | Ttotal | Status | Flags |
---|---|---|---|---|---|---|
r-devel-linux-x86_64-debian-clang | 0.2.3 | 144.68 | 66.15 | 210.83 | OK | |
r-devel-linux-x86_64-debian-gcc | 0.2.3 | 120.08 | 48.54 | 168.62 | OK | |
r-devel-linux-x86_64-fedora-clang | 0.2.3 | 295.45 | OK | |||
r-devel-linux-x86_64-fedora-gcc | 0.2.3 | 285.19 | OK | |||
r-patched-linux-x86_64 | 0.2.3 | 138.88 | 60.72 | 199.60 | OK | |
r-release-linux-x86_64 | 0.2.3 | 141.61 | 57.32 | 198.93 | OK | |
r-release-macos-arm64 | 0.2.3 | OK | ||||
r-release-macos-x86_64 | 0.2.3 | NOTE | ||||
r-release-windows-x86_64 | 0.2.3 | 86.00 | 108.00 | 194.00 | OK | |
r-oldrel-macos-arm64 | 0.2.3 | OK | ||||
r-oldrel-macos-x86_64 | 0.2.3 | NOTE | ||||
r-oldrel-windows-ix86+x86_64 | 0.2.3 | 61.00 | 115.00 | 176.00 | OK |
Version: 0.2.3
Check: installed package size
Result: NOTE
installed size is 5.0Mb
sub-directories of 1Mb or more:
libs 4.6Mb
Flavors: r-release-macos-x86_64, r-oldrel-macos-x86_64