Last updated on 2022-04-24 03:52:24 CEST.
Flavor | Version | Tinstall | Tcheck | Ttotal | Status | Flags |
---|---|---|---|---|---|---|
r-devel-linux-x86_64-debian-clang | 0.1.1 | 4.31 | 43.02 | 47.33 | NOTE | |
r-devel-linux-x86_64-debian-gcc | 0.1.1 | 2.47 | 32.37 | 34.84 | NOTE | |
r-devel-linux-x86_64-fedora-clang | 0.1.1 | 56.49 | NOTE | |||
r-devel-linux-x86_64-fedora-gcc | 0.1.1 | 45.32 | NOTE | |||
r-patched-linux-x86_64 | 0.1.1 | 6.18 | 41.54 | 47.72 | NOTE | |
r-release-linux-x86_64 | 0.1.1 | 3.48 | 40.41 | 43.89 | NOTE | |
r-release-macos-arm64 | 0.1.1 | NOTE | ||||
r-release-macos-x86_64 | 0.1.1 | NOTE | ||||
r-release-windows-x86_64 | 0.1.1 | 33.00 | 61.00 | 94.00 | NOTE | |
r-oldrel-macos-arm64 | 0.1.1 | NOTE | ||||
r-oldrel-macos-x86_64 | 0.1.1 | NOTE | ||||
r-oldrel-windows-ix86+x86_64 | 0.1.1 | 9.00 | 46.00 | 55.00 | NOTE |
Version: 0.1.1
Check: dependencies in R code
Result: NOTE
Package in Depends field not imported from: 'elec'
These packages need to be imported from (in the NAMESPACE file)
for when this namespace is loaded but not attached.
Flavors: r-devel-linux-x86_64-debian-clang, r-devel-linux-x86_64-debian-gcc, r-devel-linux-x86_64-fedora-clang, r-devel-linux-x86_64-fedora-gcc, r-patched-linux-x86_64, r-release-linux-x86_64, r-release-macos-arm64, r-release-macos-x86_64, r-release-windows-x86_64, r-oldrel-macos-arm64, r-oldrel-macos-x86_64, r-oldrel-windows-ix86+x86_64
Version: 0.1.1
Check: R code for possible problems
Result: NOTE
BaB: no visible binding for global variable 'calc.pairwise.e_p'
BaB: no visible global function definition for 'weight.function'
BaB: no visible global function definition for 'compute.stark.t'
LKPBound: no visible binding for global variable 'calc.pairwise.e_p'
LKPBound: no visible global function definition for 'weight.function'
LKPBound: no visible global function definition for 'compute.stark.t'
eqValBound: no visible binding for global variable 'calc.pairwise.e_p'
eqValBound: no visible global function definition for 'weight.function'
eqValBound: no visible global function definition for 'compute.stark.t'
getEbsMargin: no visible global function definition for 'is.elec.data'
getEbsMargin: no visible global function definition for
'maximumMarginBound'
makeStratObj: no visible global function definition for 'is.elec.data'
makeStratObj: no visible global function definition for
'maximumMarginBound'
strat.elec.data: no visible global function definition for 'elec.data'
takeOutZeroMMB: no visible global function definition for
'maximumMarginBound'
withReplaceBound: no visible binding for global variable
'calc.pairwise.e_p'
withReplaceBound: no visible global function definition for
'weight.function'
withReplaceBound: no visible global function definition for
'compute.stark.t'
Undefined global functions or variables:
calc.pairwise.e_p compute.stark.t elec.data is.elec.data
maximumMarginBound weight.function
Flavors: r-devel-linux-x86_64-debian-clang, r-devel-linux-x86_64-debian-gcc, r-devel-linux-x86_64-fedora-clang, r-devel-linux-x86_64-fedora-gcc, r-patched-linux-x86_64, r-release-linux-x86_64, r-release-macos-arm64, r-release-macos-x86_64, r-release-windows-x86_64, r-oldrel-macos-arm64, r-oldrel-macos-x86_64, r-oldrel-windows-ix86+x86_64
Version: 0.1.1
Check: compiled code
Result: NOTE
File ‘elec.strat/libs/elec.strat.so’:
Found no calls to: ‘R_registerRoutines’, ‘R_useDynamicSymbols’
It is good practice to register native routines and to disable symbol
search.
See ‘Writing portable packages’ in the ‘Writing R Extensions’ manual.
Flavors: r-devel-linux-x86_64-fedora-clang, r-devel-linux-x86_64-fedora-gcc