Last updated on 2022-04-24 03:52:24 CEST.
Flavor | Version | Tinstall | Tcheck | Ttotal | Status | Flags |
---|---|---|---|---|---|---|
r-devel-linux-x86_64-debian-clang | 2.2.8 | 13.00 | 132.90 | 145.90 | OK | |
r-devel-linux-x86_64-debian-gcc | 2.2.8 | 11.51 | 99.07 | 110.58 | OK | |
r-devel-linux-x86_64-fedora-clang | 2.2.8 | 173.89 | NOTE | |||
r-devel-linux-x86_64-fedora-gcc | 2.2.8 | 159.63 | NOTE | |||
r-patched-linux-x86_64 | 2.2.8 | 15.14 | 125.86 | 141.00 | OK | |
r-release-linux-x86_64 | 2.2.8 | 12.50 | 116.06 | 128.56 | OK | |
r-release-macos-arm64 | 2.2.8 | NOTE | ||||
r-release-macos-x86_64 | 2.2.8 | NOTE | ||||
r-release-windows-x86_64 | 2.2.8 | 19.00 | 146.00 | 165.00 | OK | |
r-oldrel-macos-arm64 | 2.2.8 | NOTE | ||||
r-oldrel-macos-x86_64 | 2.2.8 | NOTE | ||||
r-oldrel-windows-ix86+x86_64 | 2.2.8 | 30.00 | 130.00 | 160.00 | OK |
Version: 2.2.8
Check: dependencies in R code
Result: NOTE
Namespaces in Imports field not imported from:
‘curl’ ‘httr’
All declared Imports should be used.
Flavors: r-devel-linux-x86_64-fedora-clang, r-devel-linux-x86_64-fedora-gcc, r-release-macos-arm64, r-release-macos-x86_64, r-oldrel-macos-arm64, r-oldrel-macos-x86_64