Last updated on 2022-04-24 03:52:24 CEST.
Flavor | Version | Tinstall | Tcheck | Ttotal | Status | Flags |
---|---|---|---|---|---|---|
r-devel-linux-x86_64-debian-clang | 1.1-28 | 37.61 | 294.15 | 331.76 | OK | |
r-devel-linux-x86_64-debian-gcc | 1.1-28 | 30.41 | 212.14 | 242.55 | OK | |
r-devel-linux-x86_64-fedora-clang | 1.1-28 | 386.36 | NOTE | |||
r-devel-linux-x86_64-fedora-gcc | 1.1-28 | 372.79 | NOTE | |||
r-patched-linux-x86_64 | 1.1-28 | 38.00 | 271.49 | 309.49 | OK | |
r-release-linux-x86_64 | 1.1-28 | 35.09 | 254.02 | 289.11 | OK | |
r-release-macos-arm64 | 1.1-28 | OK | ||||
r-release-macos-x86_64 | 1.1-28 | OK | ||||
r-release-windows-x86_64 | 1.1-28 | 51.00 | 273.00 | 324.00 | OK | |
r-oldrel-macos-arm64 | 1.1-28 | OK | ||||
r-oldrel-macos-x86_64 | 1.1-28 | OK | ||||
r-oldrel-windows-ix86+x86_64 | 1.1-28 | 83.00 | 366.00 | 449.00 | OK |
Version: 1.1-28
Check: compiled code
Result: NOTE
File ‘elsa/libs/elsa.so’:
Found no calls to: ‘R_registerRoutines’, ‘R_useDynamicSymbols’
It is good practice to register native routines and to disable symbol
search.
See ‘Writing portable packages’ in the ‘Writing R Extensions’ manual.
Flavors: r-devel-linux-x86_64-fedora-clang, r-devel-linux-x86_64-fedora-gcc